Last updated on 2024-08-07 00:49:24 CEST.
Flavor | Version | Tinstall | Tcheck | Ttotal | Status | Flags |
---|---|---|---|---|---|---|
r-devel-linux-x86_64-debian-clang | 0.3.1 | 9.38 | 133.74 | 143.12 | OK | |
r-devel-linux-x86_64-debian-gcc | 0.3.1 | 6.67 | 87.08 | 93.75 | OK | |
r-devel-linux-x86_64-fedora-clang | 0.3.1 | 236.76 | NOTE | |||
r-devel-linux-x86_64-fedora-gcc | 0.3.1 | 232.41 | OK | |||
r-devel-windows-x86_64 | 0.3.1 | 9.00 | 133.00 | 142.00 | OK | |
r-patched-linux-x86_64 | 0.3.1 | 8.97 | 129.28 | 138.25 | OK | |
r-release-linux-x86_64 | 0.3.1 | 7.97 | 129.40 | 137.37 | OK | |
r-release-macos-arm64 | 0.3.1 | 68.00 | OK | |||
r-release-macos-x86_64 | 0.3.1 | 131.00 | OK | |||
r-release-windows-x86_64 | 0.3.1 | 10.00 | 130.00 | 140.00 | OK | |
r-oldrel-macos-arm64 | 0.3.1 | 72.00 | OK | |||
r-oldrel-macos-x86_64 | 0.3.1 | 205.00 | OK | |||
r-oldrel-windows-x86_64 | 0.3.1 | 12.00 | 165.00 | 177.00 | OK |
Version: 0.3.1
Check: Rd cross-references
Result: NOTE
Undeclared package ‘mvtnorm’ in Rd xrefs
Flavor: r-devel-linux-x86_64-fedora-clang