Last updated on 2024-08-07 00:49:24 CEST.
Flavor | Version | Tinstall | Tcheck | Ttotal | Status | Flags |
---|---|---|---|---|---|---|
r-devel-linux-x86_64-debian-clang | 0.5.4 | 21.07 | 92.21 | 113.28 | OK | |
r-devel-linux-x86_64-debian-gcc | 0.5.4 | 14.59 | 71.41 | 86.00 | OK | |
r-devel-linux-x86_64-fedora-clang | 0.5.4 | 200.24 | NOTE | |||
r-devel-linux-x86_64-fedora-gcc | 0.5.4 | 190.64 | OK | |||
r-devel-windows-x86_64 | 0.5.4 | 25.00 | 120.00 | 145.00 | OK | |
r-patched-linux-x86_64 | 0.5.4 | 20.14 | 90.47 | 110.61 | OK | |
r-release-linux-x86_64 | 0.5.4 | 19.06 | 89.75 | 108.81 | OK | |
r-release-macos-arm64 | 0.5.4 | 61.00 | OK | |||
r-release-macos-x86_64 | 0.5.4 | 178.00 | OK | |||
r-release-windows-x86_64 | 0.5.4 | 26.00 | 118.00 | 144.00 | OK | |
r-oldrel-macos-arm64 | 0.5.4 | 59.00 | OK | |||
r-oldrel-macos-x86_64 | 0.5.4 | 128.00 | OK | |||
r-oldrel-windows-x86_64 | 0.5.4 | 31.00 | 141.00 | 172.00 | OK |
Version: 0.5.4
Check: package dependencies
Result: NOTE
Imports includes 22 non-default packages.
Importing from so many packages makes the package vulnerable to any of
them becoming unavailable. Move as many as possible to Suggests and
use conditionally.
Flavor: r-devel-linux-x86_64-fedora-clang