Last updated on 2024-08-07 00:49:24 CEST.
Flavor | Version | Tinstall | Tcheck | Ttotal | Status | Flags |
---|---|---|---|---|---|---|
r-devel-linux-x86_64-debian-clang | 1.5.0 | 2.77 | 36.52 | 39.29 | OK | |
r-devel-linux-x86_64-debian-gcc | 1.5.0 | 2.32 | 26.82 | 29.14 | OK | |
r-devel-linux-x86_64-fedora-clang | 1.5.0 | 65.18 | NOTE | |||
r-devel-linux-x86_64-fedora-gcc | 1.5.0 | 73.41 | NOTE | |||
r-devel-windows-x86_64 | 1.5.0 | 4.00 | 59.00 | 63.00 | OK | |
r-patched-linux-x86_64 | 1.5.0 | 3.28 | 34.60 | 37.88 | OK | |
r-release-linux-x86_64 | 1.5.0 | 2.95 | 34.78 | 37.73 | OK | |
r-release-macos-arm64 | 1.5.0 | 28.00 | OK | |||
r-release-macos-x86_64 | 1.5.0 | 40.00 | OK | |||
r-release-windows-x86_64 | 1.5.0 | 5.00 | 58.00 | 63.00 | OK | |
r-oldrel-macos-arm64 | 1.5.0 | 33.00 | OK | |||
r-oldrel-macos-x86_64 | 1.5.0 | 95.00 | OK | |||
r-oldrel-windows-x86_64 | 1.5.0 | 6.00 | 62.00 | 68.00 | OK |
Version: 1.5.0
Check: data for non-ASCII characters
Result: NOTE
Note: found 21 marked Latin-1 strings
Note: found 150 marked UTF-8 strings
Flavors: r-devel-linux-x86_64-fedora-clang, r-devel-linux-x86_64-fedora-gcc