Last updated on 2024-08-07 00:49:24 CEST.
Flavor | Version | Tinstall | Tcheck | Ttotal | Status | Flags |
---|---|---|---|---|---|---|
r-devel-linux-x86_64-debian-clang | 0.9.0 | 18.99 | 197.97 | 216.96 | OK | |
r-devel-linux-x86_64-debian-gcc | 0.9.0 | 12.16 | 130.28 | 142.44 | OK | |
r-devel-linux-x86_64-fedora-clang | 0.9.0 | 369.60 | OK | |||
r-devel-linux-x86_64-fedora-gcc | 0.9.0 | 349.72 | OK | |||
r-devel-windows-x86_64 | 0.9.0 | 24.00 | 210.00 | 234.00 | OK | |
r-patched-linux-x86_64 | 0.9.0 | 20.88 | 188.09 | 208.97 | OK | |
r-release-linux-x86_64 | 0.9.0 | 21.03 | 185.61 | 206.64 | OK | |
r-release-macos-arm64 | 0.9.0 | 94.00 | NOTE | |||
r-release-macos-x86_64 | 0.9.0 | 213.00 | OK | |||
r-release-windows-x86_64 | 0.9.0 | 25.00 | 208.00 | 233.00 | OK | |
r-oldrel-macos-arm64 | 0.9.0 | 85.00 | NOTE | |||
r-oldrel-macos-x86_64 | 0.9.0 | 200.00 | NOTE | |||
r-oldrel-windows-x86_64 | 0.9.0 | 28.00 | 259.00 | 287.00 | OK |
Version: 0.9.0
Check: package dependencies
Result: NOTE
Package suggested but not available for checking: ‘proDA’
Flavors: r-release-macos-arm64, r-oldrel-macos-arm64, r-oldrel-macos-x86_64