Last updated on 2024-08-07 00:49:24 CEST.
Flavor | Version | Tinstall | Tcheck | Ttotal | Status | Flags |
---|---|---|---|---|---|---|
r-devel-linux-x86_64-debian-clang | 1.9-16 | 4.09 | 44.58 | 48.67 | NOTE | |
r-devel-linux-x86_64-debian-gcc | 1.9-16 | 2.99 | 34.08 | 37.07 | NOTE | |
r-devel-linux-x86_64-fedora-clang | 1.9-16 | 78.86 | NOTE | |||
r-devel-linux-x86_64-fedora-gcc | 1.9-16 | 74.79 | NOTE | |||
r-devel-windows-x86_64 | 1.9-16 | 9.00 | 67.00 | 76.00 | NOTE | |
r-patched-linux-x86_64 | 1.9-16 | 4.67 | 42.69 | 47.36 | NOTE | |
r-release-linux-x86_64 | 1.9-16 | 4.31 | 43.26 | 47.57 | NOTE | |
r-release-macos-arm64 | 1.9-16 | 29.00 | NOTE | |||
r-release-macos-x86_64 | 1.9-16 | 41.00 | NOTE | |||
r-release-windows-x86_64 | 1.9-16 | 9.00 | 68.00 | 77.00 | NOTE | |
r-oldrel-macos-arm64 | 1.9-16 | 30.00 | OK | |||
r-oldrel-macos-x86_64 | 1.9-16 | 44.00 | OK | |||
r-oldrel-windows-x86_64 | 1.9-16 | 11.00 | 70.00 | 81.00 | OK |
Version: 1.9-16
Check: Rd files
Result: NOTE
checkRd: (-1) ptw-package.Rd:20-28: Lost braces
20 | @Article{Bloemberg2010,
| ^
checkRd: (-1) ptw-package.Rd:30-38: Lost braces
30 | Article{Wehrens2015,
| ^
Flavors: r-devel-linux-x86_64-debian-clang, r-devel-linux-x86_64-debian-gcc, r-devel-linux-x86_64-fedora-clang, r-devel-linux-x86_64-fedora-gcc, r-devel-windows-x86_64, r-patched-linux-x86_64, r-release-linux-x86_64, r-release-macos-arm64, r-release-macos-x86_64, r-release-windows-x86_64