Last updated on 2024-08-07 00:49:24 CEST.
Flavor | Version | Tinstall | Tcheck | Ttotal | Status | Flags |
---|---|---|---|---|---|---|
r-devel-linux-x86_64-debian-clang | 0.1.2 | 4.94 | 59.14 | 64.08 | NOTE | |
r-devel-linux-x86_64-debian-gcc | 0.1.2 | 3.27 | 43.82 | 47.09 | NOTE | |
r-devel-linux-x86_64-fedora-clang | 0.1.2 | 108.04 | OK | |||
r-devel-linux-x86_64-fedora-gcc | 0.1.2 | 112.09 | OK | |||
r-devel-windows-x86_64 | 0.1.2 | 7.00 | 79.00 | 86.00 | NOTE | |
r-patched-linux-x86_64 | 0.1.2 | 12.15 | 57.86 | 70.01 | OK | |
r-release-linux-x86_64 | 0.1.2 | 4.60 | 58.47 | 63.07 | OK | |
r-release-macos-arm64 | 0.1.2 | 38.00 | OK | |||
r-release-macos-x86_64 | 0.1.2 | 56.00 | OK | |||
r-release-windows-x86_64 | 0.1.2 | 7.00 | 77.00 | 84.00 | OK | |
r-oldrel-macos-arm64 | 0.1.2 | 41.00 | OK | |||
r-oldrel-macos-x86_64 | 0.1.2 | 61.00 | OK | |||
r-oldrel-windows-x86_64 | 0.1.2 | 8.00 | 89.00 | 97.00 | OK |
Version: 0.1.2
Check: Rd cross-references
Result: NOTE
Found the following Rd file(s) with Rd \link{} targets missing package
anchors:
as_MonoClust.PULS.Rd: monoClust
Please provide package anchors for all Rd \link{} targets not in the
package itself and the base packages.
Flavors: r-devel-linux-x86_64-debian-clang, r-devel-linux-x86_64-debian-gcc, r-devel-windows-x86_64