Last updated on 2024-08-07 00:49:24 CEST.
Flavor | Version | Tinstall | Tcheck | Ttotal | Status | Flags |
---|---|---|---|---|---|---|
r-devel-linux-x86_64-debian-clang | 0.1.8 | 10.44 | 27.69 | 38.13 | NOTE | |
r-devel-linux-x86_64-debian-gcc | 0.1.8 | 7.00 | 21.25 | 28.25 | NOTE | |
r-devel-linux-x86_64-fedora-clang | 0.1.8 | 69.27 | NOTE | |||
r-devel-linux-x86_64-fedora-gcc | 0.1.8 | 63.96 | NOTE | |||
r-devel-windows-x86_64 | 0.1.8 | 12.00 | 61.00 | 73.00 | NOTE | |
r-patched-linux-x86_64 | 0.1.8 | 10.21 | 26.80 | 37.01 | NOTE | |
r-release-linux-x86_64 | 0.1.8 | 9.10 | 26.69 | 35.79 | NOTE | |
r-release-macos-arm64 | 0.1.8 | 24.00 | NOTE | |||
r-release-macos-x86_64 | 0.1.8 | 33.00 | NOTE | |||
r-release-windows-x86_64 | 0.1.8 | 13.00 | 65.00 | 78.00 | NOTE | |
r-oldrel-macos-arm64 | 0.1.8 | 30.00 | NOTE | |||
r-oldrel-macos-x86_64 | 0.1.8 | 39.00 | NOTE | |||
r-oldrel-windows-x86_64 | 0.1.8 | 14.00 | 74.00 | 88.00 | NOTE |
Version: 0.1.8
Check: LazyData
Result: NOTE
'LazyData' is specified without a 'data' directory
Flavors: r-devel-linux-x86_64-debian-clang, r-devel-linux-x86_64-debian-gcc, r-devel-linux-x86_64-fedora-clang, r-devel-linux-x86_64-fedora-gcc, r-devel-windows-x86_64, r-patched-linux-x86_64, r-release-linux-x86_64, r-release-macos-arm64, r-release-macos-x86_64, r-release-windows-x86_64, r-oldrel-macos-arm64, r-oldrel-macos-x86_64, r-oldrel-windows-x86_64