Last updated on 2024-08-07 00:49:24 CEST.
Flavor | Version | Tinstall | Tcheck | Ttotal | Status | Flags |
---|---|---|---|---|---|---|
r-devel-linux-x86_64-debian-clang | 2.1 | 14.23 | 130.39 | 144.62 | NOTE | |
r-devel-linux-x86_64-debian-gcc | 2.1 | 10.05 | 93.57 | 103.62 | NOTE | |
r-devel-linux-x86_64-fedora-clang | 2.1 | 240.08 | NOTE | |||
r-devel-linux-x86_64-fedora-gcc | 2.1 | 222.67 | NOTE | |||
r-devel-windows-x86_64 | 2.1 | 16.00 | 137.00 | 153.00 | NOTE | |
r-patched-linux-x86_64 | 2.1 | 13.77 | 125.37 | 139.14 | NOTE | |
r-release-linux-x86_64 | 2.1 | 13.85 | 127.30 | 141.15 | NOTE | |
r-release-macos-arm64 | 2.1 | 63.00 | NOTE | |||
r-release-macos-x86_64 | 2.1 | 95.00 | NOTE | |||
r-release-windows-x86_64 | 2.1 | 17.00 | 138.00 | 155.00 | NOTE | |
r-oldrel-macos-arm64 | 2.1 | 67.00 | OK | |||
r-oldrel-macos-x86_64 | 2.1 | 134.00 | OK | |||
r-oldrel-windows-x86_64 | 2.1 | 20.00 | 180.00 | 200.00 | OK |
Version: 2.1
Check: Rd files
Result: NOTE
checkRd: (-1) srswrRe.Rd:10: Lost braces
10 | \item{listRanef}{{\emph{ranef(model)}} object where {\emph{model}} is an { \emph{lmer}} object.}
| ^
Flavors: r-devel-linux-x86_64-debian-clang, r-devel-linux-x86_64-debian-gcc, r-devel-linux-x86_64-fedora-clang, r-devel-linux-x86_64-fedora-gcc, r-devel-windows-x86_64, r-patched-linux-x86_64, r-release-linux-x86_64, r-release-macos-arm64, r-release-macos-x86_64, r-release-windows-x86_64