Last updated on 2024-08-07 00:49:24 CEST.
Flavor | Version | Tinstall | Tcheck | Ttotal | Status | Flags |
---|---|---|---|---|---|---|
r-devel-linux-x86_64-debian-clang | 1.1.0-0 | 26.28 | 23.98 | 50.26 | NOTE | |
r-devel-linux-x86_64-debian-gcc | 1.1.0-0 | 19.34 | 20.57 | 39.91 | NOTE | |
r-devel-linux-x86_64-fedora-clang | 1.1.0-0 | 86.75 | NOTE | |||
r-devel-linux-x86_64-fedora-gcc | 1.1.0-0 | 93.14 | NOTE | |||
r-devel-windows-x86_64 | 1.1.0-0 | 27.00 | 63.00 | 90.00 | NOTE | |
r-patched-linux-x86_64 | 1.1.0-0 | 24.08 | 25.05 | 49.13 | NOTE | |
r-release-linux-x86_64 | 1.1.0-0 | 25.49 | 24.97 | 50.46 | NOTE | |
r-release-macos-arm64 | 1.1.0-0 | 29.00 | NOTE | |||
r-release-macos-x86_64 | 1.1.0-0 | 41.00 | NOTE | |||
r-release-windows-x86_64 | 1.1.0-0 | 29.00 | 61.00 | 90.00 | NOTE | |
r-oldrel-macos-arm64 | 1.1.0-0 | 32.00 | NOTE | |||
r-oldrel-macos-x86_64 | 1.1.0-0 | 48.00 | NOTE | |||
r-oldrel-windows-x86_64 | 1.1.0-0 | 33.00 | 70.00 | 103.00 | NOTE |
Version: 1.1.0-0
Check: C++ specification
Result: NOTE
Specified C++11: please drop specification unless essential
Flavors: r-devel-linux-x86_64-debian-clang, r-devel-linux-x86_64-debian-gcc, r-devel-linux-x86_64-fedora-clang, r-devel-linux-x86_64-fedora-gcc, r-devel-windows-x86_64, r-patched-linux-x86_64, r-release-linux-x86_64, r-release-macos-arm64, r-release-macos-x86_64, r-release-windows-x86_64, r-oldrel-macos-arm64, r-oldrel-macos-x86_64, r-oldrel-windows-x86_64
Version: 1.1.0-0
Check: installed package size
Result: NOTE
installed size is 9.2Mb
sub-directories of 1Mb or more:
libs 9.0Mb
Flavors: r-release-macos-arm64, r-release-macos-x86_64, r-oldrel-macos-arm64, r-oldrel-macos-x86_64