Last updated on 2024-08-07 00:49:24 CEST.
Flavor | Version | Tinstall | Tcheck | Ttotal | Status | Flags |
---|---|---|---|---|---|---|
r-devel-linux-x86_64-debian-clang | 0.2-12 | 89.83 | 135.02 | 224.85 | OK | |
r-devel-linux-x86_64-debian-gcc | 0.2-12 | 64.52 | 94.57 | 159.09 | OK | |
r-devel-linux-x86_64-fedora-clang | 0.2-12 | 398.20 | OK | |||
r-devel-linux-x86_64-fedora-gcc | 0.2-12 | 416.16 | OK | |||
r-devel-windows-x86_64 | 0.2-12 | 94.00 | 167.00 | 261.00 | OK | |
r-patched-linux-x86_64 | 0.2-12 | 85.25 | 130.02 | 215.27 | OK | |
r-release-linux-x86_64 | 0.2-12 | 81.45 | 130.99 | 212.44 | OK | |
r-release-macos-arm64 | 0.2-12 | 114.00 | NOTE | |||
r-release-macos-x86_64 | 0.2-12 | 205.00 | NOTE | |||
r-release-windows-x86_64 | 0.2-12 | 95.00 | 174.00 | 269.00 | OK | |
r-oldrel-macos-arm64 | 0.2-12 | 108.00 | NOTE | |||
r-oldrel-macos-x86_64 | 0.2-12 | 215.00 | NOTE | |||
r-oldrel-windows-x86_64 | 0.2-12 | 115.00 | 203.00 | 318.00 | OK |
Version: 0.2-12
Check: installed package size
Result: NOTE
installed size is 7.9Mb
sub-directories of 1Mb or more:
libs 7.4Mb
Flavors: r-release-macos-arm64, r-release-macos-x86_64, r-oldrel-macos-arm64, r-oldrel-macos-x86_64