Last updated on 2024-08-07 00:49:24 CEST.
Flavor | Version | Tinstall | Tcheck | Ttotal | Status | Flags |
---|---|---|---|---|---|---|
r-devel-linux-x86_64-debian-clang | 4.0.2 | 225.91 | 267.42 | 493.33 | NOTE | |
r-devel-linux-x86_64-debian-gcc | 4.0.2 | 158.02 | 187.94 | 345.96 | NOTE | |
r-devel-linux-x86_64-fedora-clang | 4.0.2 | 862.68 | NOTE | |||
r-devel-linux-x86_64-fedora-gcc | 4.0.2 | 798.01 | NOTE | |||
r-devel-windows-x86_64 | 4.0.2 | 273.00 | 290.00 | 563.00 | NOTE | |
r-patched-linux-x86_64 | 4.0.2 | 218.89 | 255.89 | 474.78 | OK | |
r-release-linux-x86_64 | 4.0.2 | 220.49 | 259.73 | 480.22 | OK | |
r-release-macos-arm64 | 4.0.2 | 204.00 | NOTE | |||
r-release-macos-x86_64 | 4.0.2 | 245.00 | NOTE | |||
r-release-windows-x86_64 | 4.0.2 | 277.00 | 286.00 | 563.00 | OK | |
r-oldrel-macos-arm64 | 4.0.2 | 205.00 | NOTE | |||
r-oldrel-macos-x86_64 | 4.0.2 | 349.00 | NOTE | |||
r-oldrel-windows-x86_64 | 4.0.2 | 322.00 | 370.00 | 692.00 | OK |
Version: 4.0.2
Check: Rd cross-references
Result: NOTE
Found the following Rd file(s) with Rd \link{} targets missing package
anchors:
msg.Rd: stri_sprintf
Please provide package anchors for all Rd \link{} targets not in the
package itself and the base packages.
Flavors: r-devel-linux-x86_64-debian-clang, r-devel-linux-x86_64-debian-gcc, r-devel-windows-x86_64
Version: 4.0.2
Check: data for non-ASCII characters
Result: NOTE
Note: found 4 marked UTF-8 strings
Flavors: r-devel-linux-x86_64-fedora-clang, r-devel-linux-x86_64-fedora-gcc
Version: 4.0.2
Check: installed package size
Result: NOTE
installed size is 9.0Mb
sub-directories of 1Mb or more:
libs 6.5Mb
Flavors: r-release-macos-arm64, r-release-macos-x86_64, r-oldrel-macos-arm64, r-oldrel-macos-x86_64