Last updated on 2024-08-07 00:49:24 CEST.
Flavor | Version | Tinstall | Tcheck | Ttotal | Status | Flags |
---|---|---|---|---|---|---|
r-devel-linux-x86_64-debian-clang | 0.94.4 | 16.16 | 119.03 | 135.19 | NOTE | |
r-devel-linux-x86_64-debian-gcc | 0.94.4 | 12.78 | 86.80 | 99.58 | NOTE | |
r-devel-linux-x86_64-fedora-clang | 0.94.4 | 241.53 | OK | |||
r-devel-linux-x86_64-fedora-gcc | 0.94.4 | 215.17 | OK | |||
r-devel-windows-x86_64 | 0.94.4 | 22.00 | 140.00 | 162.00 | NOTE | |
r-patched-linux-x86_64 | 0.94.4 | 19.73 | 115.84 | 135.57 | OK | |
r-release-linux-x86_64 | 0.94.4 | 16.52 | 116.16 | 132.68 | OK | |
r-release-macos-arm64 | 0.94.4 | 63.00 | OK | |||
r-release-macos-x86_64 | 0.94.4 | 93.00 | OK | |||
r-release-windows-x86_64 | 0.94.4 | 26.00 | 140.00 | 166.00 | OK | |
r-oldrel-macos-arm64 | 0.94.4 | 67.00 | OK | |||
r-oldrel-macos-x86_64 | 0.94.4 | 153.00 | OK | |||
r-oldrel-windows-x86_64 | 0.94.4 | 27.00 | 176.00 | 203.00 | OK |
Version: 0.94.4
Check: Rd cross-references
Result: NOTE
Found the following Rd file(s) with Rd \link{} targets missing package
anchors:
as.igraph.Rd: fcm
textplot_network.Rd: fcm, dfm, fcm_select
textplot_wordcloud.Rd: dfm
textplot_xray.Rd: kwic
wordcloud.Rd: dfm
wordcloud_comparison.Rd: dfm
Please provide package anchors for all Rd \link{} targets not in the
package itself and the base packages.
Flavors: r-devel-linux-x86_64-debian-clang, r-devel-linux-x86_64-debian-gcc, r-devel-windows-x86_64