Last updated on 2024-08-07 00:49:24 CEST.
Flavor | Version | Tinstall | Tcheck | Ttotal | Status | Flags |
---|---|---|---|---|---|---|
r-devel-linux-x86_64-debian-clang | 0.97 | 61.25 | 137.48 | 198.73 | NOTE | |
r-devel-linux-x86_64-debian-gcc | 0.97 | 42.43 | 97.13 | 139.56 | NOTE | |
r-devel-linux-x86_64-fedora-clang | 0.97 | 345.52 | OK | |||
r-devel-linux-x86_64-fedora-gcc | 0.97 | 317.60 | OK | |||
r-devel-windows-x86_64 | 0.97 | 58.00 | 163.00 | 221.00 | NOTE | |
r-patched-linux-x86_64 | 0.97 | 60.74 | 132.23 | 192.97 | OK | |
r-release-linux-x86_64 | 0.97 | 56.78 | 133.27 | 190.05 | OK | |
r-release-macos-arm64 | 0.97 | 86.00 | OK | |||
r-release-macos-x86_64 | 0.97 | 153.00 | OK | |||
r-release-windows-x86_64 | 0.97 | 58.00 | 162.00 | 220.00 | OK | |
r-oldrel-macos-arm64 | 0.97 | 90.00 | OK | |||
r-oldrel-macos-x86_64 | 0.97 | 179.00 | OK | |||
r-oldrel-windows-x86_64 | 0.97 | 69.00 | 199.00 | 268.00 | OK |
Version: 0.97
Check: Rd cross-references
Result: NOTE
Found the following Rd file(s) with Rd \link{} targets missing package
anchors:
compute_lexdiv_stats.Rd: dfm
compute_mattr.Rd: tokens
compute_msttr.Rd: tokens
dfm_split_hyphenated_features.Rd: dfm
nsyllable.tokens.Rd: tokens
textstat_collocations.Rd: corpus, tokens
textstat_frequency.Rd: dfm, docvars, dfm_group
textstat_keyness.Rd: dfm
textstat_lexdiv.Rd: dfm, tokens
textstat_proxy.Rd: dfm
textstat_readability.Rd: corpus, corpus_trim
textstat_simil.Rd: dfm
textstat_summary.Rd: dfm, ntoken, ntype
Please provide package anchors for all Rd \link{} targets not in the
package itself and the base packages.
Flavors: r-devel-linux-x86_64-debian-clang, r-devel-linux-x86_64-debian-gcc, r-devel-windows-x86_64