Last updated on 2024-08-07 00:49:24 CEST.
Flavor | Version | Tinstall | Tcheck | Ttotal | Status | Flags |
---|---|---|---|---|---|---|
r-devel-linux-x86_64-debian-clang | 1.0.2 | 10.27 | 112.97 | 123.24 | NOTE | |
r-devel-linux-x86_64-debian-gcc | 1.0.2 | 8.20 | 81.15 | 89.35 | NOTE | |
r-devel-linux-x86_64-fedora-clang | 1.0.2 | 209.08 | NOTE | |||
r-devel-linux-x86_64-fedora-gcc | 1.0.2 | 201.30 | NOTE | |||
r-devel-windows-x86_64 | 1.0.2 | 11.00 | 123.00 | 134.00 | NOTE | |
r-patched-linux-x86_64 | 1.0.2 | 9.09 | 107.49 | 116.58 | NOTE | |
r-release-linux-x86_64 | 1.0.2 | 9.60 | 109.96 | 119.56 | NOTE | |
r-release-macos-arm64 | 1.0.2 | 58.00 | NOTE | |||
r-release-macos-x86_64 | 1.0.2 | 109.00 | NOTE | |||
r-release-windows-x86_64 | 1.0.2 | 11.00 | 124.00 | 135.00 | NOTE | |
r-oldrel-macos-arm64 | 1.0.2 | 61.00 | NOTE | |||
r-oldrel-macos-x86_64 | 1.0.2 | 155.00 | NOTE | |||
r-oldrel-windows-x86_64 | 1.0.2 | 14.00 | 151.00 | 165.00 | NOTE |
Version: 1.0.2
Check: package dependencies
Result: NOTE
Package suggested but not available for checking: ‘fastshp’
Flavors: r-devel-linux-x86_64-debian-clang, r-devel-linux-x86_64-debian-gcc, r-devel-linux-x86_64-fedora-clang, r-devel-linux-x86_64-fedora-gcc, r-devel-windows-x86_64, r-patched-linux-x86_64, r-release-linux-x86_64, r-release-macos-arm64, r-release-macos-x86_64, r-release-windows-x86_64, r-oldrel-macos-arm64, r-oldrel-macos-x86_64, r-oldrel-windows-x86_64