Last updated on 2024-08-07 00:49:25 CEST.
Flavor | Version | Tinstall | Tcheck | Ttotal | Status | Flags |
---|---|---|---|---|---|---|
r-devel-linux-x86_64-debian-clang | 0.0.2 | 4.04 | 135.94 | 139.98 | OK | |
r-devel-linux-x86_64-debian-gcc | 0.0.2 | 2.83 | 82.26 | 85.09 | OK | |
r-devel-linux-x86_64-fedora-clang | 0.0.2 | 224.19 | NOTE | |||
r-devel-linux-x86_64-fedora-gcc | 0.0.2 | 219.04 | OK | |||
r-devel-windows-x86_64 | 0.0.2 | 6.00 | 137.00 | 143.00 | NOTE | |
r-patched-linux-x86_64 | 0.0.2 | 4.21 | 126.99 | 131.20 | OK | |
r-release-linux-x86_64 | 0.0.2 | 3.27 | 128.68 | 131.95 | OK | |
r-release-macos-arm64 | 0.0.2 | 67.00 | NOTE | |||
r-release-macos-x86_64 | 0.0.2 | 131.00 | NOTE | |||
r-release-windows-x86_64 | 0.0.2 | 7.00 | 138.00 | 145.00 | NOTE | |
r-oldrel-macos-arm64 | 0.0.2 | 72.00 | NOTE | |||
r-oldrel-macos-x86_64 | 0.0.2 | 115.00 | NOTE | |||
r-oldrel-windows-x86_64 | 0.0.2 | 8.00 | 175.00 | 183.00 | NOTE |
Version: 0.0.2
Check: installed package size
Result: NOTE
installed size is 7.4Mb
sub-directories of 1Mb or more:
doc 5.3Mb
htmlwidgets 1.8Mb
Flavors: r-devel-linux-x86_64-fedora-clang, r-devel-windows-x86_64, r-release-macos-arm64, r-release-macos-x86_64, r-release-windows-x86_64, r-oldrel-macos-arm64, r-oldrel-macos-x86_64, r-oldrel-windows-x86_64