Last updated on 2024-08-07 00:49:25 CEST.
Flavor | Version | Tinstall | Tcheck | Ttotal | Status | Flags |
---|---|---|---|---|---|---|
r-devel-linux-x86_64-debian-clang | 1.0.68 | 3.35 | 30.23 | 33.58 | OK | |
r-devel-linux-x86_64-debian-gcc | 1.0.68 | 2.80 | 22.07 | 24.87 | OK | |
r-devel-linux-x86_64-fedora-clang | 1.0.68 | 55.72 | OK | |||
r-devel-linux-x86_64-fedora-gcc | 1.0.68 | 51.90 | OK | |||
r-devel-windows-x86_64 | 1.0.68 | 6.00 | 52.00 | 58.00 | OK | |
r-patched-linux-x86_64 | 1.0.68 | 3.75 | 28.48 | 32.23 | OK | |
r-release-linux-x86_64 | 1.0.68 | 4.02 | 28.68 | 32.70 | OK | |
r-release-macos-arm64 | 1.0.68 | 19.00 | OK | |||
r-release-macos-x86_64 | 1.0.68 | 43.00 | OK | |||
r-release-windows-x86_64 | 1.0.68 | 5.00 | 51.00 | 56.00 | OK | |
r-oldrel-macos-arm64 | 1.0.68 | 20.00 | OK | |||
r-oldrel-macos-x86_64 | 1.0.68 | 28.00 | NOTE | |||
r-oldrel-windows-x86_64 | 1.0.68 | 8.00 | 55.00 | 63.00 | OK |
Version: 1.0.68
Check: package dependencies
Result: NOTE
Package suggested but not available for checking: ‘evolMap’
Flavor: r-oldrel-macos-x86_64
Version: 1.0.68
Check: dependencies in R code
Result: NOTE
Unavailable namespace imported from by a ':::' call: ‘evolMap’
See the note in ?`:::` about the use of this operator.
Flavor: r-oldrel-macos-x86_64