Last updated on 2024-08-13 17:48:23 CEST.
Flavor | Version | Tinstall | Tcheck | Ttotal | Status | Flags |
---|---|---|---|---|---|---|
r-devel-linux-x86_64-debian-clang | 1.2-8 | 5.26 | 49.91 | 55.17 | OK | |
r-devel-linux-x86_64-debian-gcc | 1.2-8 | 3.39 | 34.92 | 38.31 | OK | |
r-devel-linux-x86_64-fedora-clang | 1.2-8 | 89.05 | NOTE | |||
r-devel-linux-x86_64-fedora-gcc | 1.2-8 | 84.74 | OK | |||
r-devel-windows-x86_64 | 1.2-8 | 18.00 | 72.00 | 90.00 | OK | |
r-patched-linux-x86_64 | 1.2-8 | 4.90 | 48.23 | 53.13 | OK | |
r-release-linux-x86_64 | 1.2-8 | 4.77 | 47.77 | 52.54 | OK | |
r-release-macos-arm64 | 1.2-8 | 31.00 | OK | |||
r-release-macos-x86_64 | 1.2-8 | 45.00 | OK | |||
r-release-windows-x86_64 | 1.2-8 | 18.00 | 73.00 | 91.00 | OK | |
r-oldrel-macos-arm64 | 1.2-8 | 29.00 | OK | |||
r-oldrel-macos-x86_64 | 1.2-8 | 69.00 | OK | |||
r-oldrel-windows-x86_64 | 1.2-8 | 24.00 | 85.00 | 109.00 | OK |
Version: 1.2-8
Check: Rd cross-references
Result: NOTE
Undeclared package ‘Rglpk’ in Rd xrefs
Flavor: r-devel-linux-x86_64-fedora-clang