Last updated on 2024-08-07 00:49:26 CEST.
Flavor | Version | Tinstall | Tcheck | Ttotal | Status | Flags |
---|---|---|---|---|---|---|
r-devel-linux-x86_64-debian-clang | 1.3 | 18.13 | 214.43 | 232.56 | OK | |
r-devel-linux-x86_64-debian-gcc | 1.3 | 13.11 | 149.59 | 162.70 | OK | |
r-devel-linux-x86_64-fedora-clang | 1.3 | 369.73 | NOTE | |||
r-devel-linux-x86_64-fedora-gcc | 1.3 | 366.18 | OK | |||
r-devel-windows-x86_64 | 1.3 | 37.00 | 202.00 | 239.00 | NOTE | |
r-patched-linux-x86_64 | 1.3 | 17.93 | 204.30 | 222.23 | OK | |
r-release-linux-x86_64 | 1.3 | 16.23 | 208.58 | 224.81 | OK | |
r-release-macos-arm64 | 1.3 | 100.00 | NOTE | |||
r-release-macos-x86_64 | 1.3 | 154.00 | NOTE | |||
r-release-windows-x86_64 | 1.3 | 39.00 | 200.00 | 239.00 | NOTE | |
r-oldrel-macos-arm64 | 1.3 | 86.00 | NOTE | |||
r-oldrel-macos-x86_64 | 1.3 | 147.00 | NOTE | |||
r-oldrel-windows-x86_64 | 1.3 | 46.00 | 247.00 | 293.00 | NOTE |
Version: 1.3
Check: installed package size
Result: NOTE
installed size is 24.8Mb
sub-directories of 1Mb or more:
extdata 24.0Mb
Flavors: r-devel-linux-x86_64-fedora-clang, r-devel-windows-x86_64, r-release-macos-arm64, r-release-macos-x86_64, r-release-windows-x86_64, r-oldrel-macos-arm64, r-oldrel-macos-x86_64, r-oldrel-windows-x86_64