Last updated on 2024-08-07 00:49:27 CEST.
Flavor | Version | Tinstall | Tcheck | Ttotal | Status | Flags |
---|---|---|---|---|---|---|
r-devel-linux-x86_64-debian-clang | 0.1.2 | 5.54 | 50.95 | 56.49 | NOTE | |
r-devel-linux-x86_64-debian-gcc | 0.1.2 | 4.50 | 37.54 | 42.04 | NOTE | |
r-devel-linux-x86_64-fedora-clang | 0.1.2 | 89.56 | NOTE | |||
r-devel-linux-x86_64-fedora-gcc | 0.1.2 | 83.68 | NOTE | |||
r-devel-windows-x86_64 | 0.1.2 | 6.00 | 71.00 | 77.00 | NOTE | |
r-patched-linux-x86_64 | 0.1.2 | 6.24 | 48.69 | 54.93 | NOTE | |
r-release-linux-x86_64 | 0.1.2 | 5.71 | 48.59 | 54.30 | NOTE | |
r-release-macos-arm64 | 0.1.2 | 29.00 | NOTE | |||
r-release-macos-x86_64 | 0.1.2 | 45.00 | NOTE | |||
r-release-windows-x86_64 | 0.1.2 | 7.00 | 70.00 | 77.00 | NOTE | |
r-oldrel-macos-arm64 | 0.1.2 | 32.00 | NOTE | |||
r-oldrel-macos-x86_64 | 0.1.2 | 50.00 | NOTE | |||
r-oldrel-windows-x86_64 | 0.1.2 | 6.00 | 81.00 | 87.00 | NOTE |
Version: 0.1.2
Check: LazyData
Result: NOTE
'LazyData' is specified without a 'data' directory
Flavors: r-devel-linux-x86_64-debian-clang, r-devel-linux-x86_64-debian-gcc, r-devel-linux-x86_64-fedora-clang, r-devel-linux-x86_64-fedora-gcc, r-devel-windows-x86_64, r-patched-linux-x86_64, r-release-linux-x86_64, r-release-macos-arm64, r-release-macos-x86_64, r-release-windows-x86_64, r-oldrel-macos-arm64, r-oldrel-macos-x86_64, r-oldrel-windows-x86_64