Last updated on 2024-08-07 00:49:25 CEST.
Flavor | Version | Tinstall | Tcheck | Ttotal | Status | Flags |
---|---|---|---|---|---|---|
r-devel-linux-x86_64-debian-clang | 1.3.2 | 175.48 | 31.82 | 207.30 | OK | |
r-devel-linux-x86_64-debian-gcc | 1.3.2 | 156.30 | 23.91 | 180.21 | OK | |
r-devel-linux-x86_64-fedora-clang | 1.3.2 | 322.15 | OK | |||
r-devel-linux-x86_64-fedora-gcc | 1.3.2 | 558.19 | OK | |||
r-devel-windows-x86_64 | 1.3.2 | 221.00 | 97.00 | 318.00 | NOTE | |
r-patched-linux-x86_64 | 1.3.2 | 208.19 | 30.58 | 238.77 | OK | |
r-release-linux-x86_64 | 1.3.2 | 210.92 | 30.62 | 241.54 | OK | |
r-release-macos-arm64 | 1.3.2 | 97.00 | NOTE | |||
r-release-macos-x86_64 | 1.3.2 | 91.00 | NOTE | |||
r-release-windows-x86_64 | 1.3.2 | 223.00 | 96.00 | 319.00 | NOTE | |
r-oldrel-macos-arm64 | 1.3.2 | 97.00 | NOTE | |||
r-oldrel-macos-x86_64 | 1.3.2 | 125.00 | NOTE | |||
r-oldrel-windows-x86_64 | 1.3.2 | 253.00 | 106.00 | 359.00 | NOTE |
Version: 1.3.2
Check: installed package size
Result: NOTE
installed size is 5.1Mb
sub-directories of 1Mb or more:
libs 4.9Mb
Flavors: r-devel-windows-x86_64, r-release-macos-arm64, r-release-macos-x86_64, r-release-windows-x86_64, r-oldrel-macos-arm64, r-oldrel-macos-x86_64, r-oldrel-windows-x86_64