Last updated on 2024-08-07 00:49:25 CEST.
Flavor | Version | Tinstall | Tcheck | Ttotal | Status | Flags |
---|---|---|---|---|---|---|
r-devel-linux-x86_64-debian-clang | 1.1.0 | 5.86 | 57.41 | 63.27 | NOTE | |
r-devel-linux-x86_64-debian-gcc | 1.1.0 | 5.13 | 42.06 | 47.19 | NOTE | |
r-devel-linux-x86_64-fedora-clang | 1.1.0 | 101.26 | OK | |||
r-devel-linux-x86_64-fedora-gcc | 1.1.0 | 93.25 | OK | |||
r-devel-windows-x86_64 | 1.1.0 | 7.00 | 73.00 | 80.00 | NOTE | |
r-patched-linux-x86_64 | 1.1.0 | 5.92 | 54.41 | 60.33 | OK | |
r-release-linux-x86_64 | 1.1.0 | 6.17 | 54.60 | 60.77 | OK | |
r-release-macos-arm64 | 1.1.0 | 31.00 | OK | |||
r-release-macos-x86_64 | 1.1.0 | 46.00 | OK | |||
r-release-windows-x86_64 | 1.1.0 | 7.00 | 74.00 | 81.00 | OK | |
r-oldrel-macos-arm64 | 1.1.0 | 34.00 | OK | |||
r-oldrel-macos-x86_64 | 1.1.0 | 55.00 | OK | |||
r-oldrel-windows-x86_64 | 1.1.0 | 10.00 | 83.00 | 93.00 | OK |
Version: 1.1.0
Check: Rd cross-references
Result: NOTE
Found the following Rd file(s) with Rd \link{} targets missing package
anchors:
rankhazard-package.Rd: coxph
rankhazardplot.Rd: coxph, predict.coxph, pspline
Please provide package anchors for all Rd \link{} targets not in the
package itself and the base packages.
Flavors: r-devel-linux-x86_64-debian-clang, r-devel-linux-x86_64-debian-gcc, r-devel-windows-x86_64