Last updated on 2024-08-07 00:49:25 CEST.
Flavor | Version | Tinstall | Tcheck | Ttotal | Status | Flags |
---|---|---|---|---|---|---|
r-devel-linux-x86_64-debian-clang | 1.2.6 | 163.65 | 273.45 | 437.10 | NOTE | |
r-devel-linux-x86_64-debian-gcc | 1.2.6 | 128.84 | 190.72 | 319.56 | NOTE | |
r-devel-linux-x86_64-fedora-clang | 1.2.6 | 689.67 | NOTE | |||
r-devel-linux-x86_64-fedora-gcc | 1.2.6 | 795.06 | NOTE | |||
r-devel-windows-x86_64 | 1.2.6 | 160.00 | 347.00 | 507.00 | NOTE | |
r-patched-linux-x86_64 | 1.2.6 | 162.46 | 272.76 | 435.22 | NOTE | |
r-release-linux-x86_64 | 1.2.6 | 157.27 | 274.09 | 431.36 | NOTE | |
r-release-macos-arm64 | 1.2.6 | 187.00 | NOTE | |||
r-release-macos-x86_64 | 1.2.6 | 397.00 | NOTE | |||
r-release-windows-x86_64 | 1.2.6 | 158.00 | 343.00 | 501.00 | NOTE | |
r-oldrel-macos-arm64 | 1.2.6 | 178.00 | NOTE | |||
r-oldrel-macos-x86_64 | 1.2.6 | 491.00 | NOTE | |||
r-oldrel-windows-x86_64 | 1.2.6 | 213.00 | 435.00 | 648.00 | NOTE |
Version: 1.2.6
Check: for GNU extensions in Makefiles
Result: NOTE
GNU make is a SystemRequirements.
Flavors: r-devel-linux-x86_64-debian-clang, r-devel-linux-x86_64-debian-gcc, r-devel-linux-x86_64-fedora-clang, r-devel-linux-x86_64-fedora-gcc, r-devel-windows-x86_64, r-patched-linux-x86_64, r-release-linux-x86_64, r-release-macos-arm64, r-release-macos-x86_64, r-release-windows-x86_64, r-oldrel-macos-arm64, r-oldrel-macos-x86_64, r-oldrel-windows-x86_64
Version: 1.2.6
Check: installed package size
Result: NOTE
installed size is 54.5Mb
sub-directories of 1Mb or more:
libs 53.3Mb
Flavors: r-release-macos-arm64, r-release-macos-x86_64, r-oldrel-macos-arm64, r-oldrel-macos-x86_64