Last updated on 2024-08-07 00:49:25 CEST.
Flavor | Version | Tinstall | Tcheck | Ttotal | Status | Flags |
---|---|---|---|---|---|---|
r-devel-linux-x86_64-debian-clang | 0.1.3 | 109.47 | 32.88 | 142.35 | OK | |
r-devel-linux-x86_64-debian-gcc | 0.1.3 | 77.31 | 25.88 | 103.19 | OK | |
r-devel-linux-x86_64-fedora-clang | 0.1.3 | 315.84 | OK | |||
r-devel-linux-x86_64-fedora-gcc | 0.1.3 | 325.76 | OK | |||
r-devel-windows-x86_64 | 0.1.3 | 131.00 | 83.00 | 214.00 | OK | |
r-patched-linux-x86_64 | 0.1.3 | 103.68 | 31.28 | 134.96 | OK | |
r-release-linux-x86_64 | 0.1.3 | 110.87 | 31.86 | 142.73 | OK | |
r-release-macos-arm64 | 0.1.3 | 72.00 | NOTE | |||
r-release-macos-x86_64 | 0.1.3 | 81.00 | NOTE | |||
r-release-windows-x86_64 | 0.1.3 | 141.00 | 85.00 | 226.00 | OK | |
r-oldrel-macos-arm64 | 0.1.3 | 108.00 | NOTE | |||
r-oldrel-macos-x86_64 | 0.1.3 | 125.00 | NOTE | |||
r-oldrel-windows-x86_64 | 0.1.3 | 136.00 | 89.00 | 225.00 | OK |
Version: 0.1.3
Check: installed package size
Result: NOTE
installed size is 8.9Mb
sub-directories of 1Mb or more:
libs 8.6Mb
Flavors: r-release-macos-arm64, r-release-macos-x86_64, r-oldrel-macos-arm64, r-oldrel-macos-x86_64