Last updated on 2024-08-07 00:49:25 CEST.
Flavor | Version | Tinstall | Tcheck | Ttotal | Status | Flags |
---|---|---|---|---|---|---|
r-devel-linux-x86_64-debian-clang | 0.5.0 | 16.09 | 61.36 | 77.45 | NOTE | |
r-devel-linux-x86_64-debian-gcc | 0.5.0 | 10.61 | 48.63 | 59.24 | NOTE | |
r-devel-linux-x86_64-fedora-clang | 0.5.0 | 137.70 | OK | |||
r-devel-linux-x86_64-fedora-gcc | 0.5.0 | 141.20 | OK | |||
r-devel-windows-x86_64 | 0.5.0 | 19.00 | 115.00 | 134.00 | NOTE | |
r-patched-linux-x86_64 | 0.5.0 | 15.77 | 60.25 | 76.02 | OK | |
r-release-linux-x86_64 | 0.5.0 | 15.24 | 60.18 | 75.42 | OK | |
r-release-macos-arm64 | 0.5.0 | 56.00 | OK | |||
r-release-macos-x86_64 | 0.5.0 | 79.00 | OK | |||
r-release-windows-x86_64 | 0.5.0 | 18.00 | 118.00 | 136.00 | OK | |
r-oldrel-macos-arm64 | 0.5.0 | 63.00 | OK | |||
r-oldrel-macos-x86_64 | 0.5.0 | 158.00 | OK | |||
r-oldrel-windows-x86_64 | 0.5.0 | 19.00 | 127.00 | 146.00 | OK |
Version: 0.5.0
Check: Rd cross-references
Result: NOTE
Found the following Rd file(s) with Rd \link{} targets missing package
anchors:
add_from_x.Rd: data.table
comparators.Rd: stringdist
compare_pairs.Rd: data.table
compare_vars.Rd: data.table
get_inspect_pairs.Rd: data.table
pair.Rd: data.table
pair_blocking.Rd: data.table
pair_minsim.Rd: data.table
Please provide package anchors for all Rd \link{} targets not in the
package itself and the base packages.
Flavors: r-devel-linux-x86_64-debian-clang, r-devel-linux-x86_64-debian-gcc, r-devel-windows-x86_64