Last updated on 2024-08-07 00:49:25 CEST.
Flavor | Version | Tinstall | Tcheck | Ttotal | Status | Flags |
---|---|---|---|---|---|---|
r-devel-linux-x86_64-debian-clang | 0.2-0 | 6.92 | 55.05 | 61.97 | OK | |
r-devel-linux-x86_64-debian-gcc | 0.2-0 | 5.59 | 42.15 | 47.74 | OK | |
r-devel-linux-x86_64-fedora-clang | 0.2-0 | 99.45 | NOTE | |||
r-devel-linux-x86_64-fedora-gcc | 0.2-0 | 95.21 | OK | |||
r-devel-windows-x86_64 | 0.2-0 | 7.00 | 71.00 | 78.00 | NOTE | |
r-patched-linux-x86_64 | 0.2-0 | 6.48 | 53.00 | 59.48 | OK | |
r-release-linux-x86_64 | 0.2-0 | 5.93 | 53.45 | 59.38 | OK | |
r-release-macos-arm64 | 0.2-0 | 34.00 | NOTE | |||
r-release-macos-x86_64 | 0.2-0 | 48.00 | NOTE | |||
r-release-windows-x86_64 | 0.2-0 | 8.00 | 72.00 | 80.00 | NOTE | |
r-oldrel-macos-arm64 | 0.2-0 | 35.00 | NOTE | |||
r-oldrel-macos-x86_64 | 0.2-0 | 58.00 | NOTE | |||
r-oldrel-windows-x86_64 | 0.2-0 | 7.00 | 80.00 | 87.00 | NOTE |
Version: 0.2-0
Check: installed package size
Result: NOTE
installed size is 9.1Mb
sub-directories of 1Mb or more:
data 9.0Mb
Flavors: r-devel-linux-x86_64-fedora-clang, r-devel-windows-x86_64, r-release-macos-arm64, r-release-macos-x86_64, r-release-windows-x86_64, r-oldrel-macos-arm64, r-oldrel-macos-x86_64, r-oldrel-windows-x86_64