Last updated on 2024-08-07 00:49:25 CEST.
Flavor | Version | Tinstall | Tcheck | Ttotal | Status | Flags |
---|---|---|---|---|---|---|
r-devel-linux-x86_64-debian-clang | 0.1.1 | 4.46 | 66.16 | 70.62 | NOTE | |
r-devel-linux-x86_64-debian-gcc | 0.1.1 | 3.32 | 49.43 | 52.75 | NOTE | |
r-devel-linux-x86_64-fedora-clang | 0.1.1 | 116.40 | NOTE | |||
r-devel-linux-x86_64-fedora-gcc | 0.1.1 | 121.71 | NOTE | |||
r-devel-windows-x86_64 | 0.1.1 | 7.00 | 93.00 | 100.00 | NOTE | |
r-patched-linux-x86_64 | 0.1.1 | 5.58 | 64.50 | 70.08 | NOTE | |
r-release-linux-x86_64 | 0.1.1 | 4.96 | 64.63 | 69.59 | NOTE | |
r-release-macos-arm64 | 0.1.1 | 40.00 | NOTE | |||
r-release-macos-x86_64 | 0.1.1 | 56.00 | NOTE | |||
r-release-windows-x86_64 | 0.1.1 | 7.00 | 93.00 | 100.00 | NOTE | |
r-oldrel-macos-arm64 | 0.1.1 | 44.00 | OK | |||
r-oldrel-macos-x86_64 | 0.1.1 | 75.00 | OK | |||
r-oldrel-windows-x86_64 | 0.1.1 | 9.00 | 107.00 | 116.00 | OK |
Version: 0.1.1
Check: Rd files
Result: NOTE
checkRd: (-1) refdb_import_BOLD.Rd:63: Lost braces
63 | link[bold]{bold_stats} and \link[bold]{bold_seqspec}
| ^
Flavors: r-devel-linux-x86_64-debian-clang, r-devel-linux-x86_64-debian-gcc, r-devel-linux-x86_64-fedora-clang, r-devel-linux-x86_64-fedora-gcc, r-devel-windows-x86_64, r-patched-linux-x86_64, r-release-linux-x86_64, r-release-macos-arm64, r-release-macos-x86_64, r-release-windows-x86_64