Last updated on 2024-08-07 00:49:26 CEST.
Flavor | Version | Tinstall | Tcheck | Ttotal | Status | Flags |
---|---|---|---|---|---|---|
r-devel-linux-x86_64-debian-clang | 0.0.1 | 39.47 | 311.04 | 350.51 | OK | |
r-devel-linux-x86_64-debian-gcc | 0.0.1 | 28.03 | 227.88 | 255.91 | OK | |
r-devel-linux-x86_64-fedora-clang | 0.0.1 | 575.94 | OK | |||
r-devel-linux-x86_64-fedora-gcc | 0.0.1 | 574.00 | OK | |||
r-devel-windows-x86_64 | 0.0.1 | 36.00 | 267.00 | 303.00 | OK | |
r-patched-linux-x86_64 | 0.0.1 | 33.70 | 299.93 | 333.63 | OK | |
r-release-linux-x86_64 | 0.0.1 | 32.81 | 299.13 | 331.94 | OK | |
r-release-macos-arm64 | 0.0.1 | 5.00 | ERROR | |||
r-release-macos-x86_64 | 0.0.1 | 8.00 | ERROR | |||
r-release-windows-x86_64 | 0.0.1 | 35.00 | 267.00 | 302.00 | OK | |
r-oldrel-macos-arm64 | 0.0.1 | 10.00 | ERROR | |||
r-oldrel-macos-x86_64 | 0.0.1 | 12.00 | ERROR | |||
r-oldrel-windows-x86_64 | 0.0.1 | 6.00 | 8.00 | 14.00 | ERROR |
Version: 0.0.1
Check: package dependencies
Result: ERROR
Package required but not available: ‘BSgenome.Hsapiens.UCSC.hg38’
See section ‘The DESCRIPTION file’ in the ‘Writing R Extensions’
manual.
Flavors: r-release-macos-arm64, r-release-macos-x86_64, r-oldrel-macos-arm64, r-oldrel-macos-x86_64
Version: 0.0.1
Check: whether package can be installed
Result: ERROR
Installation failed.
Flavor: r-oldrel-windows-x86_64