Last updated on 2024-08-07 00:49:26 CEST.
Flavor | Version | Tinstall | Tcheck | Ttotal | Status | Flags |
---|---|---|---|---|---|---|
r-devel-linux-x86_64-debian-clang | 2.0.0 | 1.62 | 18.23 | 19.85 | OK | |
r-devel-linux-x86_64-debian-gcc | 2.0.0 | 1.34 | 14.95 | 16.29 | OK | |
r-devel-linux-x86_64-fedora-clang | 2.0.0 | 32.44 | NOTE | |||
r-devel-linux-x86_64-fedora-gcc | 2.0.0 | 30.63 | OK | |||
r-devel-windows-x86_64 | 2.0.0 | 2.00 | 41.00 | 43.00 | OK | |
r-patched-linux-x86_64 | 2.0.0 | 1.79 | 17.86 | 19.65 | OK | |
r-release-linux-x86_64 | 2.0.0 | 1.71 | 18.02 | 19.73 | OK | |
r-release-macos-arm64 | 2.0.0 | 16.00 | OK | |||
r-release-macos-x86_64 | 2.0.0 | 29.00 | OK | |||
r-release-windows-x86_64 | 2.0.0 | 3.00 | 40.00 | 43.00 | OK | |
r-oldrel-macos-arm64 | 2.0.0 | 24.00 | OK | |||
r-oldrel-macos-x86_64 | 2.0.0 | 37.00 | OK | |||
r-oldrel-windows-x86_64 | 2.0.0 | 3.00 | 42.00 | 45.00 | OK |
Version: 2.0.0
Check: Rd cross-references
Result: NOTE
Undeclared package ‘robustbase’ in Rd xrefs
Flavor: r-devel-linux-x86_64-fedora-clang