Last updated on 2024-08-07 00:49:26 CEST.
Flavor | Version | Tinstall | Tcheck | Ttotal | Status | Flags |
---|---|---|---|---|---|---|
r-devel-linux-x86_64-debian-clang | 5.9-0.10 | 15.92 | 41.31 | 57.23 | OK | |
r-devel-linux-x86_64-debian-gcc | 5.9-0.10 | 8.87 | 40.66 | 49.53 | OK | |
r-devel-linux-x86_64-fedora-clang | 5.9-0.10 | 91.09 | NOTE | |||
r-devel-linux-x86_64-fedora-gcc | 5.9-0.10 | 130.55 | OK | |||
r-devel-windows-x86_64 | 5.9-0.10 | 20.00 | 97.00 | 117.00 | OK | |
r-patched-linux-x86_64 | 5.9-0.10 | 13.27 | 46.68 | 59.95 | OK | |
r-release-linux-x86_64 | 5.9-0.10 | 13.01 | 54.02 | 67.03 | OK | |
r-release-macos-arm64 | 5.9-0.10 | 36.00 | OK | |||
r-release-macos-x86_64 | 5.9-0.10 | 58.00 | OK | |||
r-release-windows-x86_64 | 5.9-0.10 | 20.00 | 97.00 | 117.00 | OK | |
r-oldrel-macos-arm64 | 5.9-0.10 | 69.00 | OK | |||
r-oldrel-macos-x86_64 | 5.9-0.10 | 121.00 | OK | |||
r-oldrel-windows-x86_64 | 5.9-0.10 | 22.00 | 92.00 | 114.00 | OK |
Version: 5.9-0.10
Check: Rd cross-references
Result: NOTE
Undeclared package ‘Matching’ in Rd xrefs
Flavor: r-devel-linux-x86_64-fedora-clang