Last updated on 2024-08-07 00:49:26 CEST.
Flavor | Version | Tinstall | Tcheck | Ttotal | Status | Flags |
---|---|---|---|---|---|---|
r-devel-linux-x86_64-debian-clang | 0.6.4 | 4.68 | 53.97 | 58.65 | OK | |
r-devel-linux-x86_64-debian-gcc | 0.6.4 | 3.90 | 40.25 | 44.15 | OK | |
r-devel-linux-x86_64-fedora-clang | 0.6.4 | 97.53 | NOTE | |||
r-devel-linux-x86_64-fedora-gcc | 0.6.4 | 105.43 | NOTE | |||
r-devel-windows-x86_64 | 0.6.4 | 6.00 | 76.00 | 82.00 | OK | |
r-patched-linux-x86_64 | 0.6.4 | 5.38 | 51.53 | 56.91 | OK | |
r-release-linux-x86_64 | 0.6.4 | 4.12 | 52.30 | 56.42 | OK | |
r-release-macos-arm64 | 0.6.4 | 44.00 | OK | |||
r-release-macos-x86_64 | 0.6.4 | 73.00 | OK | |||
r-release-windows-x86_64 | 0.6.4 | 6.00 | 78.00 | 84.00 | OK | |
r-oldrel-macos-arm64 | 0.6.4 | 48.00 | OK | |||
r-oldrel-macos-x86_64 | 0.6.4 | 118.00 | NOTE | |||
r-oldrel-windows-x86_64 | 0.6.4 | 6.00 | 83.00 | 89.00 | OK |
Version: 0.6.4
Check: data for non-ASCII characters
Result: NOTE
Note: found 169 marked UTF-8 strings
Flavors: r-devel-linux-x86_64-fedora-clang, r-devel-linux-x86_64-fedora-gcc
Version: 0.6.4
Check: installed package size
Result: NOTE
installed size is 5.6Mb
sub-directories of 1Mb or more:
data 3.2Mb
extdata 1.3Mb
Flavor: r-oldrel-macos-x86_64