Last updated on 2024-08-07 00:49:26 CEST.
Flavor | Version | Tinstall | Tcheck | Ttotal | Status | Flags |
---|---|---|---|---|---|---|
r-devel-linux-x86_64-debian-clang | 2023.12.21 | 206.75 | 275.52 | 482.27 | NOTE | |
r-devel-linux-x86_64-debian-gcc | 2023.12.21 | 131.18 | 190.41 | 321.59 | NOTE | |
r-devel-linux-x86_64-fedora-clang | 2023.12.21 | 859.42 | OK | |||
r-devel-linux-x86_64-fedora-gcc | 2023.12.21 | 857.16 | OK | |||
r-devel-windows-x86_64 | 2023.12.21 | 192.00 | 307.00 | 499.00 | NOTE | |
r-patched-linux-x86_64 | 2023.12.21 | 191.91 | 269.73 | 461.64 | OK | |
r-release-linux-x86_64 | 2023.12.21 | 168.38 | 274.06 | 442.44 | OK | |
r-release-macos-arm64 | 2023.12.21 | 185.00 | NOTE | |||
r-release-macos-x86_64 | 2023.12.21 | 237.00 | NOTE | |||
r-release-windows-x86_64 | 2023.12.21 | 195.00 | 308.00 | 503.00 | OK | |
r-oldrel-macos-arm64 | 2023.12.21 | 222.00 | NOTE | |||
r-oldrel-macos-x86_64 | 2023.12.21 | 346.00 | NOTE | |||
r-oldrel-windows-x86_64 | 2023.12.21 | 252.00 | 382.00 | 634.00 | OK |
Version: 2023.12.21
Check: Rd cross-references
Result: NOTE
Found the following Rd file(s) with Rd \link{} targets missing package
anchors:
CSC.Rd: coxph
FGR.Rd: Hist
ate.Rd: as.data.table
plot.riskRegression.Rd: SmartControl
plotBrier.Rd: SmartControl
plotCalibration.Rd: SmartControl
plotEffects.Rd: SmartControl
plotPredictRisk.Rd: SmartControl
plotROC.Rd: SmartControl
plotRisk.Rd: SmartControl
selectCox.Rd: fastbw
summary.ate.Rd: as.data.table
Please provide package anchors for all Rd \link{} targets not in the
package itself and the base packages.
Flavors: r-devel-linux-x86_64-debian-clang, r-devel-linux-x86_64-debian-gcc, r-devel-windows-x86_64
Version: 2023.12.21
Check: installed package size
Result: NOTE
installed size is 10.2Mb
sub-directories of 1Mb or more:
R 1.1Mb
libs 8.7Mb
Flavors: r-release-macos-arm64, r-release-macos-x86_64, r-oldrel-macos-arm64, r-oldrel-macos-x86_64