Last updated on 2024-08-07 00:49:26 CEST.
Flavor | Version | Tinstall | Tcheck | Ttotal | Status | Flags |
---|---|---|---|---|---|---|
r-devel-linux-x86_64-debian-clang | 0.1.16 | 1159.07 | 184.39 | 1343.46 | NOTE | |
r-devel-linux-x86_64-debian-gcc | 0.1.16 | 1002.22 | 203.15 | 1205.37 | NOTE | |
r-devel-linux-x86_64-fedora-clang | 0.1.16 | 2095.65 | NOTE | |||
r-devel-linux-x86_64-fedora-gcc | 0.1.16 | 3221.71 | NOTE | |||
r-devel-windows-x86_64 | 0.1.16 | 1134.00 | 295.00 | 1429.00 | NOTE | |
r-patched-linux-x86_64 | 0.1.16 | 1254.94 | 274.13 | 1529.07 | NOTE | |
r-release-linux-x86_64 | 0.1.16 | 1273.51 | 277.97 | 1551.48 | NOTE | |
r-release-macos-arm64 | 0.1.16 | 525.00 | NOTE | |||
r-release-macos-x86_64 | 0.1.16 | 470.00 | NOTE | |||
r-release-windows-x86_64 | 0.1.16 | 1133.00 | 308.00 | 1441.00 | NOTE | |
r-oldrel-macos-arm64 | 0.1.16 | 500.00 | NOTE | |||
r-oldrel-macos-x86_64 | 0.1.16 | 496.00 | NOTE | |||
r-oldrel-windows-x86_64 | 0.1.16 | 1478.00 | 367.00 | 1845.00 | NOTE |
Version: 0.1.16
Check: for GNU extensions in Makefiles
Result: NOTE
GNU make is a SystemRequirements.
Flavors: r-devel-linux-x86_64-debian-clang, r-devel-linux-x86_64-debian-gcc, r-devel-linux-x86_64-fedora-clang, r-devel-linux-x86_64-fedora-gcc, r-devel-windows-x86_64, r-patched-linux-x86_64, r-release-linux-x86_64, r-release-macos-arm64, r-release-macos-x86_64, r-release-windows-x86_64, r-oldrel-macos-arm64, r-oldrel-macos-x86_64, r-oldrel-windows-x86_64
Version: 0.1.16
Check: installed package size
Result: NOTE
installed size is 12.1Mb
sub-directories of 1Mb or more:
libs 11.6Mb
Flavors: r-devel-linux-x86_64-fedora-clang, r-devel-windows-x86_64, r-release-macos-arm64, r-release-macos-x86_64, r-release-windows-x86_64, r-oldrel-macos-arm64, r-oldrel-macos-x86_64, r-oldrel-windows-x86_64