Last updated on 2024-08-07 00:49:26 CEST.
Flavor | Version | Tinstall | Tcheck | Ttotal | Status | Flags |
---|---|---|---|---|---|---|
r-devel-linux-x86_64-debian-clang | 2.27 | 11.17 | 65.55 | 76.72 | OK | |
r-devel-linux-x86_64-debian-gcc | 2.27 | 7.17 | 45.45 | 52.62 | OK | |
r-devel-linux-x86_64-fedora-clang | 2.27 | 128.89 | NOTE | |||
r-devel-linux-x86_64-fedora-gcc | 2.27 | 129.76 | OK | |||
r-devel-windows-x86_64 | 2.27 | 15.00 | 90.00 | 105.00 | NOTE | |
r-patched-linux-x86_64 | 2.27 | 12.63 | 62.62 | 75.25 | OK | |
r-release-linux-x86_64 | 2.27 | 10.18 | 62.64 | 72.82 | OK | |
r-release-macos-arm64 | 2.27 | 54.00 | NOTE | |||
r-release-macos-x86_64 | 2.27 | 65.00 | NOTE | |||
r-release-windows-x86_64 | 2.27 | 16.00 | 89.00 | 105.00 | NOTE | |
r-oldrel-macos-arm64 | 2.27 | 50.00 | NOTE | |||
r-oldrel-macos-x86_64 | 2.27 | 97.00 | NOTE | |||
r-oldrel-windows-x86_64 | 2.27 | 16.00 | 101.00 | 117.00 | NOTE |
Version: 2.27
Check: installed package size
Result: NOTE
installed size is 7.3Mb
sub-directories of 1Mb or more:
rmd 6.2Mb
Flavors: r-devel-linux-x86_64-fedora-clang, r-devel-windows-x86_64, r-release-macos-arm64, r-release-macos-x86_64, r-release-windows-x86_64, r-oldrel-macos-arm64, r-oldrel-macos-x86_64, r-oldrel-windows-x86_64