Last updated on 2024-08-07 00:49:26 CEST.
Flavor | Version | Tinstall | Tcheck | Ttotal | Status | Flags |
---|---|---|---|---|---|---|
r-devel-linux-x86_64-debian-clang | 0.1.1 | 77.61 | 29.79 | 107.40 | NOTE | |
r-devel-linux-x86_64-debian-gcc | 0.1.1 | 53.33 | 22.94 | 76.27 | NOTE | |
r-devel-linux-x86_64-fedora-clang | 0.1.1 | 235.23 | NOTE | |||
r-devel-linux-x86_64-fedora-gcc | 0.1.1 | 229.45 | NOTE | |||
r-devel-windows-x86_64 | 0.1.1 | 47.00 | 68.00 | 115.00 | NOTE | |
r-patched-linux-x86_64 | 0.1.1 | 68.77 | 28.73 | 97.50 | NOTE | |
r-release-linux-x86_64 | 0.1.1 | 74.82 | 28.76 | 103.58 | NOTE | |
r-release-macos-arm64 | 0.1.1 | 52.00 | NOTE | |||
r-release-macos-x86_64 | 0.1.1 | 58.00 | NOTE | |||
r-release-windows-x86_64 | 0.1.1 | 47.00 | 71.00 | 118.00 | NOTE | |
r-oldrel-macos-arm64 | 0.1.1 | 52.00 | NOTE | |||
r-oldrel-macos-x86_64 | 0.1.1 | 91.00 | NOTE | |||
r-oldrel-windows-x86_64 | 0.1.1 | 55.00 | 81.00 | 136.00 | NOTE |
Version: 0.1.1
Check: LazyData
Result: NOTE
'LazyData' is specified without a 'data' directory
Flavors: r-devel-linux-x86_64-debian-clang, r-devel-linux-x86_64-debian-gcc, r-devel-linux-x86_64-fedora-clang, r-devel-linux-x86_64-fedora-gcc, r-devel-windows-x86_64, r-patched-linux-x86_64, r-release-linux-x86_64, r-release-macos-arm64, r-release-macos-x86_64, r-release-windows-x86_64, r-oldrel-macos-arm64, r-oldrel-macos-x86_64, r-oldrel-windows-x86_64
Version: 0.1.1
Check: C++ specification
Result: NOTE
Specified C++11: please drop specification unless essential
Flavors: r-devel-windows-x86_64, r-release-windows-x86_64, r-oldrel-windows-x86_64