Last updated on 2024-08-07 00:49:26 CEST.
Flavor | Version | Tinstall | Tcheck | Ttotal | Status | Flags |
---|---|---|---|---|---|---|
r-devel-linux-x86_64-debian-clang | 0.2.6 | 4.65 | 24.73 | 29.38 | OK | |
r-devel-linux-x86_64-debian-gcc | 0.2.6 | 3.78 | 20.20 | 23.98 | OK | |
r-devel-linux-x86_64-fedora-clang | 0.2.6 | 48.98 | NOTE | |||
r-devel-linux-x86_64-fedora-gcc | 0.2.6 | 60.38 | NOTE | |||
r-devel-windows-x86_64 | 0.2.6 | 8.00 | 55.00 | 63.00 | OK | |
r-patched-linux-x86_64 | 0.2.6 | 4.34 | 23.83 | 28.17 | OK | |
r-release-linux-x86_64 | 0.2.6 | 4.14 | 23.99 | 28.13 | OK | |
r-release-macos-arm64 | 0.2.6 | 29.00 | OK | |||
r-release-macos-x86_64 | 0.2.6 | 45.00 | OK | |||
r-release-windows-x86_64 | 0.2.6 | 8.00 | 48.00 | 56.00 | OK | |
r-oldrel-macos-arm64 | 0.2.6 | 26.00 | OK | |||
r-oldrel-macos-x86_64 | 0.2.6 | 46.00 | OK | |||
r-oldrel-windows-x86_64 | 0.2.6 | 7.00 | 50.00 | 57.00 | OK |
Version: 0.2.6
Check: compiled code
Result: NOTE
File ‘rnetcarto/libs/rnetcarto.so’:
Found no calls to: ‘R_registerRoutines’, ‘R_useDynamicSymbols’
It is good practice to register native routines and to disable symbol
search.
See ‘Writing portable packages’ in the ‘Writing R Extensions’ manual.
Flavors: r-devel-linux-x86_64-fedora-clang, r-devel-linux-x86_64-fedora-gcc