Last updated on 2024-08-07 00:49:26 CEST.
Flavor | Version | Tinstall | Tcheck | Ttotal | Status | Flags |
---|---|---|---|---|---|---|
r-devel-linux-x86_64-debian-clang | 2.11.3 | 8.81 | 73.45 | 82.26 | OK | |
r-devel-linux-x86_64-debian-gcc | 2.11.3 | 5.64 | 58.23 | 63.87 | OK | |
r-devel-linux-x86_64-fedora-clang | 2.11.3 | 135.34 | NOTE | |||
r-devel-linux-x86_64-fedora-gcc | 2.11.3 | 135.66 | NOTE | |||
r-devel-windows-x86_64 | 2.11.3 | 10.00 | 94.00 | 104.00 | OK | |
r-patched-linux-x86_64 | 2.11.3 | 8.20 | 70.82 | 79.02 | OK | |
r-release-linux-x86_64 | 2.11.3 | 7.77 | 71.67 | 79.44 | OK | |
r-release-macos-arm64 | 2.11.3 | 62.00 | OK | |||
r-release-macos-x86_64 | 2.11.3 | 134.00 | OK | |||
r-release-windows-x86_64 | 2.11.3 | 10.00 | 94.00 | 104.00 | OK | |
r-oldrel-macos-arm64 | 2.11.3 | 59.00 | OK | |||
r-oldrel-macos-x86_64 | 2.11.3 | 81.00 | OK | |||
r-oldrel-windows-x86_64 | 2.11.3 | 12.00 | 106.00 | 118.00 | OK |
Version: 2.11.3
Check: dependencies in R code
Result: NOTE
Namespace in Imports field not imported from: ‘memoise’
All declared Imports should be used.
Flavors: r-devel-linux-x86_64-fedora-clang, r-devel-linux-x86_64-fedora-gcc