Last updated on 2024-08-07 00:49:26 CEST.
Flavor | Version | Tinstall | Tcheck | Ttotal | Status | Flags |
---|---|---|---|---|---|---|
r-devel-linux-x86_64-debian-clang | 0.1.0 | 14.68 | 115.29 | 129.97 | NOTE | |
r-devel-linux-x86_64-debian-gcc | 0.1.0 | 10.57 | 81.85 | 92.42 | NOTE | |
r-devel-linux-x86_64-fedora-clang | 0.1.0 | 210.06 | OK | |||
r-devel-linux-x86_64-fedora-gcc | 0.1.0 | 194.94 | OK | |||
r-devel-windows-x86_64 | 0.1.0 | 18.00 | 117.00 | 135.00 | NOTE | |
r-patched-linux-x86_64 | 0.1.0 | 21.21 | 108.68 | 129.89 | OK | |
r-release-linux-x86_64 | 0.1.0 | 12.21 | 109.37 | 121.58 | OK | |
r-release-macos-arm64 | 0.1.0 | 54.00 | OK | |||
r-release-macos-x86_64 | 0.1.0 | 122.00 | OK | |||
r-release-windows-x86_64 | 0.1.0 | 18.00 | 118.00 | 136.00 | OK | |
r-oldrel-macos-arm64 | 0.1.0 | 58.00 | OK | |||
r-oldrel-macos-x86_64 | 0.1.0 | 110.00 | OK | |||
r-oldrel-windows-x86_64 | 0.1.0 | 20.00 | 146.00 | 166.00 | OK |
Version: 0.1.0
Check: Rd cross-references
Result: NOTE
Found the following Rd file(s) with Rd \link{} targets missing package
anchors:
robmed_GUI.Rd: test_mediation
simulation_app.Rd: test_mediation
to_flextable.Rd: test_mediation
to_latex.Rd: test_mediation
Please provide package anchors for all Rd \link{} targets not in the
package itself and the base packages.
Flavors: r-devel-linux-x86_64-debian-clang, r-devel-linux-x86_64-debian-gcc, r-devel-windows-x86_64