Last updated on 2024-08-07 00:49:26 CEST.
Flavor | Version | Tinstall | Tcheck | Ttotal | Status | Flags |
---|---|---|---|---|---|---|
r-devel-linux-x86_64-debian-clang | 0.7-4 | 27.31 | 76.47 | 103.78 | NOTE | |
r-devel-linux-x86_64-debian-gcc | 0.7-4 | 15.48 | 50.79 | 66.27 | NOTE | |
r-devel-linux-x86_64-fedora-clang | 0.7-4 | 168.66 | OK | |||
r-devel-linux-x86_64-fedora-gcc | 0.7-4 | 153.83 | OK | |||
r-devel-windows-x86_64 | 0.7-4 | 29.00 | 108.00 | 137.00 | NOTE | |
r-patched-linux-x86_64 | 0.7-4 | 26.80 | 72.05 | 98.85 | OK | |
r-release-linux-x86_64 | 0.7-4 | 20.74 | 72.53 | 93.27 | OK | |
r-release-macos-arm64 | 0.7-4 | 50.00 | OK | |||
r-release-macos-x86_64 | 0.7-4 | 68.00 | OK | |||
r-release-windows-x86_64 | 0.7-4 | 33.00 | 109.00 | 142.00 | OK | |
r-oldrel-macos-arm64 | 0.7-4 | 58.00 | OK | |||
r-oldrel-macos-x86_64 | 0.7-4 | 126.00 | OK | |||
r-oldrel-windows-x86_64 | 0.7-4 | 34.00 | 123.00 | 157.00 | OK |
Version: 0.7-4
Check: Rd cross-references
Result: NOTE
Found the following Rd file(s) with Rd \link{} targets missing package
anchors:
plot.covfm.Rd: fit.models
plot.glmRob.Rd: plot.glmfm
plot.lmRob.Rd: plot.lmfm
summary.covfm.Rd: fit.models
Please provide package anchors for all Rd \link{} targets not in the
package itself and the base packages.
Flavors: r-devel-linux-x86_64-debian-clang, r-devel-linux-x86_64-debian-gcc, r-devel-windows-x86_64