Last updated on 2024-08-07 00:49:26 CEST.
Flavor | Version | Tinstall | Tcheck | Ttotal | Status | Flags |
---|---|---|---|---|---|---|
r-devel-linux-x86_64-debian-clang | 3.3-1 | 44.00 | 288.55 | 332.55 | NOTE | |
r-devel-linux-x86_64-debian-gcc | 3.3-1 | 32.15 | 202.26 | 234.41 | NOTE | |
r-devel-linux-x86_64-fedora-clang | 3.3-1 | 544.30 | OK | |||
r-devel-linux-x86_64-fedora-gcc | 3.3-1 | 545.61 | OK | |||
r-devel-windows-x86_64 | 3.3-1 | 52.00 | 322.00 | 374.00 | NOTE | |
r-patched-linux-x86_64 | 3.3-1 | 46.37 | 274.38 | 320.75 | OK | |
r-release-linux-x86_64 | 3.3-1 | 47.25 | 276.34 | 323.59 | OK | |
r-release-macos-arm64 | 3.3-1 | 156.00 | NOTE | |||
r-release-macos-x86_64 | 3.3-1 | 222.00 | NOTE | |||
r-release-windows-x86_64 | 3.3-1 | 52.00 | 325.00 | 377.00 | NOTE | |
r-oldrel-macos-arm64 | 3.3-1 | 173.00 | NOTE | |||
r-oldrel-macos-x86_64 | 3.3-1 | 321.00 | NOTE | |||
r-oldrel-windows-x86_64 | 3.3-1 | 61.00 | 393.00 | 454.00 | NOTE |
Version: 3.3-1
Check: Rd cross-references
Result: NOTE
Found the following Rd file(s) with Rd \link{} targets missing package
anchors:
compare.Rd: xtable, print.xtable
fitDatasets.Rd: lmer
getME.Rd: merMod-class, fixef, glmer, glmerControl, ranef
prepareMixedEffectDataset.Rd: lmer
processFit.Rd: lmer
rlmer.Rd: lmer
rlmerMod-class.Rd: lmer, fixef.merMod, isGLMM, isLMM, isNLMM, isREML,
predict.merMod, ranef.merMod, VarCorr.merMod, merMod
robustlmm-package.Rd: lmer, lme4
Please provide package anchors for all Rd \link{} targets not in the
package itself and the base packages.
Flavors: r-devel-linux-x86_64-debian-clang, r-devel-linux-x86_64-debian-gcc, r-devel-windows-x86_64
Version: 3.3-1
Check: installed package size
Result: NOTE
installed size is 5.3Mb
sub-directories of 1Mb or more:
doc 1.7Mb
libs 1.3Mb
simulationStudy 1.6Mb
Flavors: r-devel-windows-x86_64, r-release-macos-arm64, r-release-macos-x86_64, r-release-windows-x86_64, r-oldrel-macos-arm64, r-oldrel-macos-x86_64, r-oldrel-windows-x86_64