Last updated on 2024-08-07 00:49:26 CEST.
Flavor | Version | Tinstall | Tcheck | Ttotal | Status | Flags |
---|---|---|---|---|---|---|
r-devel-linux-x86_64-debian-clang | 0.7-3 | 181.76 | 132.30 | 314.06 | OK | |
r-devel-linux-x86_64-debian-gcc | 0.7-3 | 110.53 | 90.35 | 200.88 | OK | |
r-devel-linux-x86_64-fedora-clang | 0.7-3 | 617.85 | OK | |||
r-devel-linux-x86_64-fedora-gcc | 0.7-3 | 596.80 | OK | |||
r-devel-windows-x86_64 | 0.7-3 | 202.00 | 171.00 | 373.00 | OK | |
r-patched-linux-x86_64 | 0.7-3 | 154.79 | 127.02 | 281.81 | OK | |
r-release-linux-x86_64 | 0.7-3 | 153.55 | 128.65 | 282.20 | OK | |
r-release-macos-arm64 | 0.7-3 | 125.00 | NOTE | |||
r-release-macos-x86_64 | 0.7-3 | 168.00 | NOTE | |||
r-release-windows-x86_64 | 0.7-3 | 200.00 | 172.00 | 372.00 | OK | |
r-oldrel-macos-arm64 | 0.7-3 | 138.00 | NOTE | |||
r-oldrel-macos-x86_64 | 0.7-3 | 247.00 | NOTE | |||
r-oldrel-windows-x86_64 | 0.7-3 | 234.00 | 196.00 | 430.00 | OK |
Version: 0.7-3
Check: installed package size
Result: NOTE
installed size is 5.3Mb
sub-directories of 1Mb or more:
libs 4.8Mb
Flavors: r-release-macos-arm64, r-release-macos-x86_64, r-oldrel-macos-arm64, r-oldrel-macos-x86_64