Last updated on 2024-08-07 00:49:26 CEST.
Flavor | Version | Tinstall | Tcheck | Ttotal | Status | Flags |
---|---|---|---|---|---|---|
r-devel-linux-x86_64-debian-clang | 0.1.0 | 3.05 | 37.71 | 40.76 | NOTE | |
r-devel-linux-x86_64-debian-gcc | 0.1.0 | 2.59 | 29.38 | 31.97 | NOTE | |
r-devel-linux-x86_64-fedora-clang | 0.1.0 | 67.10 | NOTE | |||
r-devel-linux-x86_64-fedora-gcc | 0.1.0 | 75.53 | OK | |||
r-devel-windows-x86_64 | 0.1.0 | 6.00 | 59.00 | 65.00 | NOTE | |
r-patched-linux-x86_64 | 0.1.0 | 7.61 | 36.24 | 43.85 | OK | |
r-release-linux-x86_64 | 0.1.0 | 3.50 | 36.24 | 39.74 | OK | |
r-release-macos-arm64 | 0.1.0 | 42.00 | OK | |||
r-release-macos-x86_64 | 0.1.0 | 49.00 | OK | |||
r-release-windows-x86_64 | 0.1.0 | 7.00 | 60.00 | 67.00 | OK | |
r-oldrel-macos-arm64 | 0.1.0 | 33.00 | OK | |||
r-oldrel-macos-x86_64 | 0.1.0 | 45.00 | OK | |||
r-oldrel-windows-x86_64 | 0.1.0 | 6.00 | 64.00 | 70.00 | OK |
Version: 0.1.0
Check: Rd cross-references
Result: NOTE
Found the following Rd file(s) with Rd \link{} targets missing package
anchors:
all_markets.Rd: tibble
format_market_data.Rd: tibble
historical_plot.Rd: xts
markets_table.Rd: shiny, tibble
parse_historical_csv.Rd: xts
single_market.Rd: tibble
tweet_markets.Rd: tibble
Please provide package anchors for all Rd \link{} targets not in the
package itself and the base packages.
Flavors: r-devel-linux-x86_64-debian-clang, r-devel-linux-x86_64-debian-gcc, r-devel-windows-x86_64
Version: 0.1.0
Check: Rd cross-references
Result: NOTE
Undeclared package ‘htmlwidgets’ in Rd xrefs
Flavor: r-devel-linux-x86_64-fedora-clang