Last updated on 2024-08-07 00:49:26 CEST.
Flavor | Version | Tinstall | Tcheck | Ttotal | Status | Flags |
---|---|---|---|---|---|---|
r-devel-linux-x86_64-debian-clang | 1.1.1 | 11.81 | 91.71 | 103.52 | NOTE | |
r-devel-linux-x86_64-debian-gcc | 1.1.1 | 7.51 | 66.73 | 74.24 | NOTE | |
r-devel-linux-x86_64-fedora-clang | 1.1.1 | 440.73 | NOTE | |||
r-devel-linux-x86_64-fedora-gcc | 1.1.1 | 450.38 | NOTE | |||
r-devel-windows-x86_64 | 1.1.1 | 48.00 | 417.00 | 465.00 | NOTE | |
r-patched-linux-x86_64 | 1.1.1 | 9.87 | 87.98 | 97.85 | NOTE | |
r-release-linux-x86_64 | 1.1.1 | 10.34 | 88.10 | 98.44 | NOTE | |
r-release-macos-arm64 | 1.1.1 | 51.00 | NOTE | |||
r-release-macos-x86_64 | 1.1.1 | 68.00 | NOTE | |||
r-release-windows-x86_64 | 1.1.1 | 46.00 | 425.00 | 471.00 | NOTE | |
r-oldrel-macos-arm64 | 1.1.1 | 61.00 | OK | |||
r-oldrel-macos-x86_64 | 1.1.1 | 101.00 | OK | |||
r-oldrel-windows-x86_64 | 1.1.1 | 15.00 | 119.00 | 134.00 | OK |
Version: 1.1.1
Check: Rd files
Result: NOTE
checkRd: (-1) R2_lik.Rd:37: Lost braces; missing escapes or markup?
37 | \code{R2_lik()} is also computed for LMMs and GLMMs in the {MuMIn} package.
| ^
checkRd: (-1) R2_pred.Rd:32: Lost braces; missing escapes or markup?
32 | Note that the version of \code{binaryPGLMM()} in the package ape is replaced by a version contained within {rr2} that outputs all of the required information for the calculation of R2_resid.
| ^
checkRd: (-1) R2_resid.Rd:69: Lost braces; missing escapes or markup?
69 | Note that the version of \code{binaryPGLMM()} in the package ape is replaced by a version contained within {rr2} that outputs all of the required information for the calculation of \code{R2_resid()}
| ^
Flavors: r-devel-linux-x86_64-debian-clang, r-devel-linux-x86_64-debian-gcc, r-devel-linux-x86_64-fedora-clang, r-devel-linux-x86_64-fedora-gcc, r-devel-windows-x86_64, r-patched-linux-x86_64, r-release-linux-x86_64, r-release-macos-arm64, r-release-macos-x86_64, r-release-windows-x86_64