Last updated on 2024-08-07 00:49:26 CEST.
Flavor | Version | Tinstall | Tcheck | Ttotal | Status | Flags |
---|---|---|---|---|---|---|
r-devel-linux-x86_64-debian-clang | 0.1.5 | 144.49 | 171.94 | 316.43 | NOTE | |
r-devel-linux-x86_64-debian-gcc | 0.1.5 | 118.67 | 129.17 | 247.84 | NOTE | |
r-devel-linux-x86_64-fedora-clang | 0.1.5 | 501.14 | NOTE | |||
r-devel-linux-x86_64-fedora-gcc | 0.1.5 | 593.22 | NOTE | |||
r-devel-windows-x86_64 | 0.1.5 | 135.00 | 201.00 | 336.00 | NOTE | |
r-patched-linux-x86_64 | 0.1.5 | 144.72 | 174.35 | 319.07 | NOTE | |
r-release-linux-x86_64 | 0.1.5 | 143.08 | 174.84 | 317.92 | NOTE | |
r-release-macos-arm64 | 0.1.5 | 132.00 | NOTE | |||
r-release-macos-x86_64 | 0.1.5 | 251.00 | NOTE | |||
r-release-windows-x86_64 | 0.1.5 | 138.00 | 199.00 | 337.00 | NOTE | |
r-oldrel-macos-arm64 | 0.1.5 | 242.00 | NOTE | |||
r-oldrel-macos-x86_64 | 0.1.5 | 348.00 | NOTE | |||
r-oldrel-windows-x86_64 | 0.1.5 | 180.00 | 241.00 | 421.00 | NOTE |
Version: 0.1.5
Check: for GNU extensions in Makefiles
Result: NOTE
GNU make is a SystemRequirements.
Flavors: r-devel-linux-x86_64-debian-clang, r-devel-linux-x86_64-debian-gcc, r-devel-linux-x86_64-fedora-clang, r-devel-linux-x86_64-fedora-gcc, r-devel-windows-x86_64, r-patched-linux-x86_64, r-release-linux-x86_64, r-release-macos-arm64, r-release-macos-x86_64, r-release-windows-x86_64, r-oldrel-macos-arm64, r-oldrel-macos-x86_64, r-oldrel-windows-x86_64
Version: 0.1.5
Check: installed package size
Result: NOTE
installed size is 45.0Mb
sub-directories of 1Mb or more:
libs 44.4Mb
Flavors: r-release-macos-arm64, r-release-macos-x86_64, r-oldrel-macos-arm64, r-oldrel-macos-x86_64