Last updated on 2024-08-07 00:49:27 CEST.
Flavor | Version | Tinstall | Tcheck | Ttotal | Status | Flags |
---|---|---|---|---|---|---|
r-devel-linux-x86_64-debian-clang | 2.0.0 | 12.61 | 106.26 | 118.87 | OK | |
r-devel-linux-x86_64-debian-gcc | 2.0.0 | 9.10 | 75.79 | 84.89 | OK | |
r-devel-linux-x86_64-fedora-clang | 2.0.0 | 191.61 | NOTE | |||
r-devel-linux-x86_64-fedora-gcc | 2.0.0 | 234.12 | OK | |||
r-devel-windows-x86_64 | 2.0.0 | 15.00 | 112.00 | 127.00 | OK | |
r-patched-linux-x86_64 | 2.0.0 | 12.04 | 100.97 | 113.01 | OK | |
r-release-linux-x86_64 | 2.0.0 | 12.66 | 102.99 | 115.65 | OK | |
r-release-macos-arm64 | 2.0.0 | 71.00 | OK | |||
r-release-macos-x86_64 | 2.0.0 | 156.00 | OK | |||
r-release-windows-x86_64 | 2.0.0 | 17.00 | 111.00 | 128.00 | OK | |
r-oldrel-macos-arm64 | 2.0.0 | 94.00 | OK | |||
r-oldrel-macos-x86_64 | 2.0.0 | 188.00 | OK | |||
r-oldrel-windows-x86_64 | 2.0.0 | 19.00 | 139.00 | 158.00 | OK |
Version: 2.0.0
Check: Rd cross-references
Result: NOTE
Undeclared package ‘RColorBrewer’ in Rd xrefs
Flavor: r-devel-linux-x86_64-fedora-clang