Last updated on 2024-08-13 17:48:24 CEST.
Flavor | Version | Tinstall | Tcheck | Ttotal | Status | Flags |
---|---|---|---|---|---|---|
r-devel-linux-x86_64-debian-clang | 0.7.5 | 1473.01 | 161.31 | 1634.32 | NOTE | |
r-devel-linux-x86_64-debian-gcc | 0.7.5 | 1070.39 | 203.32 | 1273.71 | NOTE | |
r-devel-linux-x86_64-fedora-clang | 0.7.5 | 2400.70 | NOTE | |||
r-devel-linux-x86_64-fedora-gcc | 0.7.5 | 3682.13 | NOTE | |||
r-devel-windows-x86_64 | 0.7.5 | 1245.00 | 283.00 | 1528.00 | NOTE | |
r-patched-linux-x86_64 | 0.7.5 | 1473.42 | 265.46 | 1738.88 | NOTE | |
r-release-linux-x86_64 | 0.7.5 | 1438.27 | 265.33 | 1703.60 | NOTE | |
r-release-macos-arm64 | 0.7.5 | 503.00 | NOTE | |||
r-release-macos-x86_64 | 0.7.5 | 583.00 | NOTE | |||
r-release-windows-x86_64 | 0.7.5 | 1179.00 | 283.00 | 1462.00 | NOTE | |
r-oldrel-macos-arm64 | 0.7.5 | 671.00 | NOTE | |||
r-oldrel-macos-x86_64 | 0.7.5 | 524.00 | NOTE | |||
r-oldrel-windows-x86_64 | 0.7.5 | 1559.00 | 357.00 | 1916.00 | NOTE |
Version: 0.7.5
Check: package dependencies
Result: NOTE
Package suggested but not available for checking: ‘cmdstanr’
Flavors: r-devel-linux-x86_64-debian-clang, r-devel-linux-x86_64-debian-gcc, r-devel-linux-x86_64-fedora-clang, r-devel-linux-x86_64-fedora-gcc, r-devel-windows-x86_64, r-patched-linux-x86_64, r-release-linux-x86_64, r-release-macos-arm64, r-release-macos-x86_64, r-release-windows-x86_64, r-oldrel-macos-arm64, r-oldrel-macos-x86_64, r-oldrel-windows-x86_64
Version: 0.7.5
Check: for GNU extensions in Makefiles
Result: NOTE
GNU make is a SystemRequirements.
Flavors: r-devel-linux-x86_64-debian-clang, r-devel-linux-x86_64-debian-gcc, r-devel-linux-x86_64-fedora-clang, r-devel-linux-x86_64-fedora-gcc, r-devel-windows-x86_64, r-patched-linux-x86_64, r-release-linux-x86_64, r-release-macos-arm64, r-release-macos-x86_64, r-release-windows-x86_64, r-oldrel-macos-arm64, r-oldrel-macos-x86_64, r-oldrel-windows-x86_64
Version: 0.7.5
Check: installed package size
Result: NOTE
installed size is 16.5Mb
sub-directories of 1Mb or more:
data 1.5Mb
libs 14.0Mb
Flavors: r-devel-linux-x86_64-fedora-clang, r-devel-windows-x86_64, r-release-macos-arm64, r-release-macos-x86_64, r-release-windows-x86_64, r-oldrel-macos-arm64, r-oldrel-macos-x86_64, r-oldrel-windows-x86_64
Version: 0.7.5
Check: Rd cross-references
Result: NOTE
Undeclared package ‘glmmrBase’ in Rd xrefs
Flavor: r-devel-linux-x86_64-fedora-clang