Last updated on 2024-08-07 00:49:27 CEST.
Flavor | Version | Tinstall | Tcheck | Ttotal | Status | Flags |
---|---|---|---|---|---|---|
r-devel-linux-x86_64-debian-clang | 0.1.8 | 3.01 | 26.18 | 29.19 | NOTE | |
r-devel-linux-x86_64-debian-gcc | 0.1.8 | 2.36 | 20.28 | 22.64 | NOTE | |
r-devel-linux-x86_64-fedora-clang | 0.1.8 | 48.23 | NOTE | |||
r-devel-linux-x86_64-fedora-gcc | 0.1.8 | 45.50 | NOTE | |||
r-devel-windows-x86_64 | 0.1.8 | 5.00 | 57.00 | 62.00 | NOTE | |
r-patched-linux-x86_64 | 0.1.8 | 3.07 | 25.37 | 28.44 | NOTE | |
r-release-linux-x86_64 | 0.1.8 | 2.85 | 25.34 | 28.19 | NOTE | |
r-release-macos-arm64 | 0.1.8 | 19.00 | NOTE | |||
r-release-macos-x86_64 | 0.1.8 | 30.00 | NOTE | |||
r-release-windows-x86_64 | 0.1.8 | 5.00 | 58.00 | 63.00 | NOTE | |
r-oldrel-macos-arm64 | 0.1.8 | 19.00 | NOTE | |||
r-oldrel-macos-x86_64 | 0.1.8 | 26.00 | NOTE | |||
r-oldrel-windows-x86_64 | 0.1.8 | 6.00 | 57.00 | 63.00 | NOTE |
Version: 0.1.8
Check: LazyData
Result: NOTE
'LazyData' is specified without a 'data' directory
Flavors: r-devel-linux-x86_64-debian-clang, r-devel-linux-x86_64-debian-gcc, r-devel-linux-x86_64-fedora-clang, r-devel-linux-x86_64-fedora-gcc, r-devel-windows-x86_64, r-patched-linux-x86_64, r-release-linux-x86_64, r-release-macos-arm64, r-release-macos-x86_64, r-release-windows-x86_64, r-oldrel-macos-arm64, r-oldrel-macos-x86_64, r-oldrel-windows-x86_64