Last updated on 2024-08-07 00:49:27 CEST.
Flavor | Version | Tinstall | Tcheck | Ttotal | Status | Flags |
---|---|---|---|---|---|---|
r-devel-linux-x86_64-debian-clang | 2.0.11 | 389.44 | 25.99 | 415.43 | OK | |
r-devel-linux-x86_64-debian-gcc | 2.0.11 | 329.95 | 21.15 | 351.10 | OK | |
r-devel-linux-x86_64-fedora-clang | 2.0.11 | 877.86 | OK | |||
r-devel-linux-x86_64-fedora-gcc | 2.0.11 | 1110.94 | OK | |||
r-devel-windows-x86_64 | 2.0.11 | 537.00 | 97.00 | 634.00 | OK | |
r-patched-linux-x86_64 | 2.0.11 | 420.03 | 25.87 | 445.90 | OK | |
r-release-linux-x86_64 | 2.0.11 | 444.76 | 25.63 | 470.39 | OK | |
r-release-macos-arm64 | 2.0.11 | 169.00 | NOTE | |||
r-release-macos-x86_64 | 2.0.11 | 154.00 | NOTE | |||
r-release-windows-x86_64 | 2.0.11 | 536.00 | 98.00 | 634.00 | OK | |
r-oldrel-macos-arm64 | 2.0.11 | 194.00 | NOTE | |||
r-oldrel-macos-x86_64 | 2.0.11 | 328.00 | NOTE | |||
r-oldrel-windows-x86_64 | 2.0.11 | 616.00 | 111.00 | 727.00 | OK |
Version: 2.0.11
Check: installed package size
Result: NOTE
installed size is 14.4Mb
sub-directories of 1Mb or more:
libs 14.3Mb
Flavors: r-release-macos-arm64, r-release-macos-x86_64, r-oldrel-macos-arm64, r-oldrel-macos-x86_64