Last updated on 2024-08-07 00:49:27 CEST.
Flavor | Version | Tinstall | Tcheck | Ttotal | Status | Flags |
---|---|---|---|---|---|---|
r-devel-linux-x86_64-debian-clang | 0.2.12 | 84.00 | 25.14 | 109.14 | OK | |
r-devel-linux-x86_64-debian-gcc | 0.2.12 | 57.06 | 19.55 | 76.61 | OK | |
r-devel-linux-x86_64-fedora-clang | 0.2.12 | 242.97 | OK | |||
r-devel-linux-x86_64-fedora-gcc | 0.2.12 | 226.41 | OK | |||
r-devel-windows-x86_64 | 0.2.12 | 98.00 | 71.00 | 169.00 | OK | |
r-patched-linux-x86_64 | 0.2.12 | 78.10 | 23.98 | 102.08 | OK | |
r-release-linux-x86_64 | 0.2.12 | 81.39 | 24.56 | 105.95 | OK | |
r-release-macos-arm64 | 0.2.12 | 56.00 | NOTE | |||
r-release-macos-x86_64 | 0.2.12 | 66.00 | NOTE | |||
r-release-windows-x86_64 | 0.2.12 | 111.00 | 74.00 | 185.00 | OK | |
r-oldrel-macos-arm64 | 0.2.12 | 57.00 | NOTE | |||
r-oldrel-macos-x86_64 | 0.2.12 | 76.00 | NOTE | |||
r-oldrel-windows-x86_64 | 0.2.12 | 116.00 | 78.00 | 194.00 | OK |
Version: 0.2.12
Check: installed package size
Result: NOTE
installed size is 8.9Mb
sub-directories of 1Mb or more:
libs 8.5Mb
Flavors: r-release-macos-arm64, r-release-macos-x86_64, r-oldrel-macos-arm64, r-oldrel-macos-x86_64