Last updated on 2024-08-07 00:49:27 CEST.
Flavor | Version | Tinstall | Tcheck | Ttotal | Status | Flags |
---|---|---|---|---|---|---|
r-devel-linux-x86_64-debian-clang | 0.3.0 | 5.52 | 415.24 | 420.76 | NOTE | |
r-devel-linux-x86_64-debian-gcc | 0.3.0 | 3.65 | 255.34 | 258.99 | NOTE | |
r-devel-linux-x86_64-fedora-clang | 0.3.0 | 726.88 | NOTE | |||
r-devel-linux-x86_64-fedora-gcc | 0.3.0 | 744.11 | NOTE | |||
r-devel-windows-x86_64 | 0.3.0 | 8.00 | 350.00 | 358.00 | NOTE | |
r-patched-linux-x86_64 | 0.3.0 | 5.44 | 393.12 | 398.56 | NOTE | |
r-release-linux-x86_64 | 0.3.0 | 5.68 | 391.54 | 397.22 | NOTE | |
r-release-macos-arm64 | 0.3.0 | 156.00 | NOTE | |||
r-release-macos-x86_64 | 0.3.0 | 256.00 | NOTE | |||
r-release-windows-x86_64 | 0.3.0 | 9.00 | 345.00 | 354.00 | NOTE | |
r-oldrel-macos-arm64 | 0.3.0 | 183.00 | NOTE | |||
r-oldrel-macos-x86_64 | 0.3.0 | 316.00 | NOTE | |||
r-oldrel-windows-x86_64 | 0.3.0 | 11.00 | 455.00 | 466.00 | NOTE |
Version: 0.3.0
Check: LazyData
Result: NOTE
'LazyData' is specified without a 'data' directory
Flavors: r-devel-linux-x86_64-debian-clang, r-devel-linux-x86_64-debian-gcc, r-devel-linux-x86_64-fedora-clang, r-devel-linux-x86_64-fedora-gcc, r-devel-windows-x86_64, r-patched-linux-x86_64, r-release-linux-x86_64, r-release-macos-arm64, r-release-macos-x86_64, r-release-windows-x86_64, r-oldrel-macos-arm64, r-oldrel-macos-x86_64, r-oldrel-windows-x86_64