Last updated on 2024-08-07 00:49:27 CEST.
Flavor | Version | Tinstall | Tcheck | Ttotal | Status | Flags |
---|---|---|---|---|---|---|
r-devel-linux-x86_64-debian-clang | 3.3.0 | 151.63 | 389.50 | 541.13 | OK | |
r-devel-linux-x86_64-debian-gcc | 3.3.0 | 107.74 | 266.01 | 373.75 | OK | |
r-devel-linux-x86_64-fedora-clang | 3.3.0 | 884.52 | OK | |||
r-devel-linux-x86_64-fedora-gcc | 3.3.0 | 944.73 | OK | |||
r-devel-windows-x86_64 | 3.3.0 | 144.00 | 341.00 | 485.00 | OK | |
r-patched-linux-x86_64 | 3.3.0 | 144.16 | 376.63 | 520.79 | OK | |
r-release-linux-x86_64 | 3.3.0 | 151.28 | 378.73 | 530.01 | OK | |
r-release-macos-arm64 | 3.3.0 | 233.00 | NOTE | |||
r-release-macos-x86_64 | 3.3.0 | 517.00 | NOTE | |||
r-release-windows-x86_64 | 3.3.0 | 148.00 | 333.00 | 481.00 | OK | |
r-oldrel-macos-arm64 | 3.3.0 | 221.00 | NOTE | |||
r-oldrel-macos-x86_64 | 3.3.0 | 410.00 | NOTE | |||
r-oldrel-windows-x86_64 | 3.3.0 | 179.00 | 451.00 | 630.00 | OK |
Version: 3.3.0
Check: installed package size
Result: NOTE
installed size is 15.5Mb
sub-directories of 1Mb or more:
libs 14.4Mb
Flavors: r-release-macos-arm64, r-release-macos-x86_64, r-oldrel-macos-arm64, r-oldrel-macos-x86_64